{"id":1661,"date":"2020-07-07T18:57:18","date_gmt":"2020-07-07T21:57:18","guid":{"rendered":"https:\/\/iesparana-ers.infd.edu.ar\/sitio\/?page_id=1661"},"modified":"2023-05-17T19:28:08","modified_gmt":"2023-05-17T22:28:08","slug":"mesas-virtuales","status":"publish","type":"page","link":"https:\/\/iesparana-ers.infd.edu.ar\/sitio\/mesas-virtuales\/","title":{"rendered":"MESAS MARZO 2023"},"content":{"rendered":"<h2 style=\"text-align: center;\"><span style=\"text-decoration: underline;\"> \u00abMesas Marzo 2023\u00bb<\/span><\/h2>\n<h3 style=\"text-align: center;\"><strong>ORGANIZACI\u00d3N Y CONFORMACI\u00d3N<\/strong><\/h3>\n<h4 style=\"text-align: center;\">Segundo llamado:<\/h4>\n<h4 style=\"text-align: center;\"><span style=\"color: #339966;\">INSCRIPCI\u00d3N: 1 y 2 de Marzo<\/span><\/h4>\n<h4 style=\"text-align: center;\"><span style=\"color: #ff0000;\">EVALUACI\u00d3N: 6 al 10 de Marzo.<\/span><\/h4>\n<h5 style=\"text-align: center;\">*Presentarse con DNI y libreta de calificaciones a la mesa examinadora.<\/h5>\n<h5 style=\"text-align: center;\"><img decoding=\"async\" loading=\"lazy\" class=\"alignnone  wp-image-2629\" src=\"https:\/\/iesparana-ers.infd.edu.ar\/sitio\/wp-content\/uploads\/2023\/02\/1-3.jpg\" alt=\"\" width=\"1020\" height=\"511\" srcset=\"https:\/\/iesparana-ers.infd.edu.ar\/sitio\/wp-content\/uploads\/2023\/02\/1-3.jpg 808w, https:\/\/iesparana-ers.infd.edu.ar\/sitio\/wp-content\/uploads\/2023\/02\/1-3-768x385.jpg 768w\" sizes=\"(max-width: 1020px) 100vw, 1020px\" \/> <img decoding=\"async\" loading=\"lazy\" class=\"alignnone  wp-image-2630\" src=\"https:\/\/iesparana-ers.infd.edu.ar\/sitio\/wp-content\/uploads\/2023\/02\/2-5.jpg\" alt=\"\" width=\"1008\" height=\"710\" srcset=\"https:\/\/iesparana-ers.infd.edu.ar\/sitio\/wp-content\/uploads\/2023\/02\/2-5.jpg 804w, https:\/\/iesparana-ers.infd.edu.ar\/sitio\/wp-content\/uploads\/2023\/02\/2-5-768x541.jpg 768w\" sizes=\"(max-width: 1008px) 100vw, 1008px\" \/> <img decoding=\"async\" loading=\"lazy\" class=\"alignnone  wp-image-2631\" src=\"https:\/\/iesparana-ers.infd.edu.ar\/sitio\/wp-content\/uploads\/2023\/02\/3-1.jpg\" alt=\"\" width=\"1001\" height=\"694\" srcset=\"https:\/\/iesparana-ers.infd.edu.ar\/sitio\/wp-content\/uploads\/2023\/02\/3-1.jpg 806w, https:\/\/iesparana-ers.infd.edu.ar\/sitio\/wp-content\/uploads\/2023\/02\/3-1-768x533.jpg 768w\" sizes=\"(max-width: 1001px) 100vw, 1001px\" \/> <img decoding=\"async\" loading=\"lazy\" class=\"alignnone  wp-image-2633\" src=\"https:\/\/iesparana-ers.infd.edu.ar\/sitio\/wp-content\/uploads\/2023\/02\/4-1.jpg\" alt=\"\" width=\"999\" height=\"423\" srcset=\"https:\/\/iesparana-ers.infd.edu.ar\/sitio\/wp-content\/uploads\/2023\/02\/4-1.jpg 803w, https:\/\/iesparana-ers.infd.edu.ar\/sitio\/wp-content\/uploads\/2023\/02\/4-1-768x325.jpg 768w\" sizes=\"(max-width: 999px) 100vw, 999px\" \/>&nbsp;<\/h5>\n<h5 style=\"text-align: center;\">&nbsp; &nbsp;&nbsp;<\/h5>\n<h5 style=\"text-align: left;\"><img decoding=\"async\" loading=\"lazy\" class=\"wp-image-1864 aligncenter\" src=\"https:\/\/iesparana-ers.infd.edu.ar\/sitio\/wp-content\/uploads\/2021\/07\/5.png\" alt=\"\" width=\"825\" height=\"26\" srcset=\"https:\/\/iesparana-ers.infd.edu.ar\/sitio\/wp-content\/uploads\/2021\/07\/5.png 793w, https:\/\/iesparana-ers.infd.edu.ar\/sitio\/wp-content\/uploads\/2021\/07\/5-768x24.png 768w\" sizes=\"(max-width: 825px) 100vw, 825px\" \/><\/h5>\n<h4 style=\"text-align: center;\"><strong>Link Plan Viejo:&nbsp;&nbsp;<a href=\"https:\/\/forms.gle\/4pp8xKoouVDWepLy8\">https:\/\/forms.gle\/4pp8xKoouVDWepLy8<\/a><\/strong><\/h4>\n<h4 style=\"text-align: center;\"><strong>&nbsp;<\/strong><img decoding=\"async\" loading=\"lazy\" class=\"alignnone  wp-image-1865\" src=\"https:\/\/iesparana-ers.infd.edu.ar\/sitio\/wp-content\/uploads\/2021\/07\/6.png\" alt=\"\" width=\"817\" height=\"31\" srcset=\"https:\/\/iesparana-ers.infd.edu.ar\/sitio\/wp-content\/uploads\/2021\/07\/6.png 791w, https:\/\/iesparana-ers.infd.edu.ar\/sitio\/wp-content\/uploads\/2021\/07\/6-768x29.png 768w\" sizes=\"(max-width: 817px) 100vw, 817px\" \/><\/h4>\n<h4 style=\"text-align: center;\">link Plan Nuevo:&nbsp;&nbsp;<a href=\"https:\/\/forms.gle\/QH6gh3LMvw2AmA129\">https:\/\/forms.gle\/QH6gh3LMvw2AmA129<\/a><\/h4>\n<h4 style=\"text-align: center;\"><strong>*<\/strong>EL ESTUDIANTE QUE <span style=\"color: #ff0000;\"><strong>NO <\/strong>SE PRESENTE<\/span> A LA EVALUACI\u00d3N DEBER\u00c1 <span style=\"color: #ff0000;\">INFORMAR, CON <strong>24 HORAS<\/strong>DE ANTICIPACI\u00d3N<\/span>, POR PLATAFORMA INTITUCIONAL, O CORREO, AL DOCENTE O EQUIPO DOCENTE, A CARGO DEL ESPACIO CURRICULAR A EVALUAR, COMO AS\u00cd TAMBI\u00c9N, A SECRETAR\u00cdA ACAD\u00c9MICA.&nbsp;<\/h4>\n<h4 style=\"text-align: center;\"><span style=\"color: #ff0000;\">*Presentarse con DNI y libreta de calificaciones a la mesa examinadora.<\/span><\/h4>\n<p style=\"text-align: center;\"><\/p>\n\n\n<p><\/p>\n","protected":false},"excerpt":{"rendered":"<p>\u00abMesas Marzo 2023\u00bb ORGANIZACI\u00d3N Y CONFORMACI\u00d3N Segundo llamado: INSCRIPCI\u00d3N: 1 y 2 de Marzo EVALUACI\u00d3N: 6 al 10 de Marzo. *Presentarse con DNI y libreta de calificaciones a la mesa examinadora. &nbsp; &nbsp; &nbsp;&nbsp; Link Plan Viejo:&nbsp;&nbsp;https:\/\/forms.gle\/4pp8xKoouVDWepLy8 &nbsp; link Plan Nuevo:&nbsp;&nbsp;https:\/\/forms.gle\/QH6gh3LMvw2AmA129 *EL ESTUDIANTE QUE NO SE PRESENTE A LA EVALUACI\u00d3N DEBER\u00c1 INFORMAR, CON 24 HORASDE &#8230; <a title=\"MESAS MARZO 2023\" class=\"read-more\" href=\"https:\/\/iesparana-ers.infd.edu.ar\/sitio\/mesas-virtuales\/\" aria-label=\"More on MESAS MARZO 2023\">[+]<\/a><\/p>\n","protected":false},"author":23,"featured_media":0,"parent":0,"menu_order":0,"comment_status":"closed","ping_status":"closed","template":"","meta":[],"acf":[],"_links":{"self":[{"href":"https:\/\/iesparana-ers.infd.edu.ar\/sitio\/wp-json\/wp\/v2\/pages\/1661"}],"collection":[{"href":"https:\/\/iesparana-ers.infd.edu.ar\/sitio\/wp-json\/wp\/v2\/pages"}],"about":[{"href":"https:\/\/iesparana-ers.infd.edu.ar\/sitio\/wp-json\/wp\/v2\/types\/page"}],"author":[{"embeddable":true,"href":"https:\/\/iesparana-ers.infd.edu.ar\/sitio\/wp-json\/wp\/v2\/users\/23"}],"replies":[{"embeddable":true,"href":"https:\/\/iesparana-ers.infd.edu.ar\/sitio\/wp-json\/wp\/v2\/comments?post=1661"}],"version-history":[{"count":157,"href":"https:\/\/iesparana-ers.infd.edu.ar\/sitio\/wp-json\/wp\/v2\/pages\/1661\/revisions"}],"predecessor-version":[{"id":2658,"href":"https:\/\/iesparana-ers.infd.edu.ar\/sitio\/wp-json\/wp\/v2\/pages\/1661\/revisions\/2658"}],"wp:attachment":[{"href":"https:\/\/iesparana-ers.infd.edu.ar\/sitio\/wp-json\/wp\/v2\/media?parent=1661"}],"curies":[{"name":"wp","href":"https:\/\/api.w.org\/{rel}","templated":true}]}}