{"id":2348,"date":"2022-07-17T19:47:09","date_gmt":"2022-07-17T22:47:09","guid":{"rendered":"https:\/\/iesparana-ers.infd.edu.ar\/sitio\/?page_id=2348"},"modified":"2022-07-26T13:39:15","modified_gmt":"2022-07-26T16:39:15","slug":"maestria-en-didactica-de-la-educacion-fisica","status":"publish","type":"page","link":"https:\/\/iesparana-ers.infd.edu.ar\/sitio\/maestria-en-didactica-de-la-educacion-fisica\/","title":{"rendered":"Maestr\u00eda en Did\u00e1ctica de la Educaci\u00f3n F\u00edsica"},"content":{"rendered":"\n<figure class=\"wp-block-image\"><img decoding=\"async\" src=\"https:\/\/itsmariagrande-ers.infd.edu.ar\/sitio\/wp-content\/uploads\/2022\/07\/Banner-Maestria-Educ.-Fisica.-Logos-UNR-1900x160.png\" alt=\"\"\/><\/figure>\n\n\n\n<p><\/p>\n\n\n\n<p><strong>Link de  inscripcion:<\/strong> <a href=\"https:\/\/forms.gle\/LFfBcQRxZzs3oFoA6\"><strong>https:\/\/forms.gle\/LFfBcQRxZzs3oFoA6<\/strong><\/a><\/p>\n\n\n\n<figure class=\"wp-block-image size-large is-resized\"><img decoding=\"async\" loading=\"lazy\" src=\"https:\/\/iesparana-ers.infd.edu.ar\/sitio\/wp-content\/uploads\/2022\/07\/maestria.jpg\" alt=\"\" class=\"wp-image-2382\" width=\"1020\" height=\"1018\" srcset=\"https:\/\/iesparana-ers.infd.edu.ar\/sitio\/wp-content\/uploads\/2022\/07\/maestria.jpg 526w, https:\/\/iesparana-ers.infd.edu.ar\/sitio\/wp-content\/uploads\/2022\/07\/maestria-500x500.jpg 500w\" sizes=\"(max-width: 1020px) 100vw, 1020px\" \/><\/figure>\n\n\n\n<p><strong>Aprobada: CONEAU ACTA N\u00b0 457\/17 \u2013 Universidad Nacional de Rosario Resoluci\u00f3n N\u00b0 1556\/16<\/strong><\/p>\n\n\n\n<p><strong>INSTITUCI\u00d3N RESPONSABLE:<\/strong>&nbsp;Facultad de Humanidades y Artes. Universidad Nacional de Rosario (UNR)<\/p>\n\n\n\n<p><strong>NIVEL:<\/strong>&nbsp;Posgrado<\/p>\n\n\n\n<p><strong>TIPO DE MAESTR\u00cdA<\/strong>:&nbsp;Profesional, , concluye con la aprobaci\u00f3n de un Proyecto de Intervenci\u00f3n Institucional.<\/p>\n\n\n\n<p><strong>MODALIDAD de Cursado:<\/strong><\/p>\n\n\n\n<ul><li>Presencial.<\/li><li>Dos (2) encuentros o jornadas completa por mes (viernes y s\u00e1bado del mismo fin de semana)<\/li><li>Env\u00edo de Trabajos Finales de cada seminario: Primera hoja Car\u00e1tula (Sede \u2013 Seminario \u2013 Docente \u2013 Nombre y Apellido del Maestrando \u2013 agregar su email).<\/li><li>Deben enviar los Trabajos Pr\u00e1cticos al correo: maestriaeducfisica2018@gmail.com<\/li><\/ul>\n\n\n\n<p><strong>Duraci\u00f3n del Cursado:&nbsp;<\/strong>2 (dos) a\u00f1os.<\/p>\n\n\n\n<p><strong>LUGAR de Cursado:&nbsp;<\/strong>SUM del Instituto de Educaci\u00f3n Superior \u00abRep\u00fablica de Entre R\u00edos\u00bb, Carlos L\u00f3pez 517, Mar\u00eda Grande, Entre R\u00edos.<\/p>\n\n\n\n<p><strong>INICIO:<\/strong>Agosto de 2022 (esta fecha es la planificada, si para la misma se completa el m\u00ednimo de inscriptos que abonen la matr\u00edcula).<\/p>\n\n\n\n<p><strong>ACREDITACI\u00d3N<\/strong>:&nbsp;Quienes cumplimenten la totalidad de los requisitos acad\u00e9micos del presente Plan de Estudios obtendr\u00e1n el T\u00edtulo de&nbsp;<strong>Mag\u00edster en Did\u00e1ctica de la Educaci\u00f3n F\u00edsica&nbsp;<\/strong>.<\/p>\n\n\n\n<p><strong>PERFIL DEL T\u00cdTULO:&nbsp;<\/strong>Los\/as graduados\/as estar\u00e1n capacitados para intervenir en instituciones educativas y deportivas gracias a la s\u00f3lida formaci\u00f3n interdisciplinaria en el conocimiento de la problem\u00e1tica actual de la Educaci\u00f3n F\u00edsica, con competencias espec\u00edficas para gestionar transformaciones tanto en el \u00e1mbito formal como no formal promoviendo organizaciones inteligentes en un entorno complejo.<\/p>\n\n\n\n<p><strong>ARANCELES<\/strong>:&nbsp;<strong>El detalle del arancel se encuentra en la descripci\u00f3n del Formulario de Preinscripci\u00f3n<\/strong><\/p>\n\n\n\n<p><strong>CONTACTO:&nbsp;<\/strong>Por informaci\u00f3n, aranceles e inscripci\u00f3n comunicarse con<\/p>\n\n\n\n<ul><li>Sra. Cintia Portillo, Responsable N\u00facleo Educativo<\/li><li>WhatsApp: 3434 619927<\/li><li>WhatsApp:&nbsp;3435 00-3347<\/li><\/ul>\n\n\n\n<figure class=\"wp-block-image\"><a href=\"https:\/\/drive.google.com\/file\/d\/1z7Q99RP9SLoGSQmhXeExjzGci7wpYMel\/view?usp=sharing\" target=\"_blank\" rel=\"noreferrer noopener\"><img decoding=\"async\" src=\"https:\/\/itsmariagrande-ers.infd.edu.ar\/sitio\/wp-content\/uploads\/2022\/07\/Banner-Maestria-Educ.-Fisica.-Resolucion-CONEAU-1-1900x160.png\" alt=\"\" class=\"wp-image-5136\"\/><\/a><\/figure>\n\n\n\n<figure class=\"wp-block-image\"><img decoding=\"async\" src=\"https:\/\/itsmariagrande-ers.infd.edu.ar\/sitio\/wp-content\/uploads\/2022\/07\/Banner-Maestria-Educ.-Fisica.-Logos-ORGANIZADORES-1900x160.png\" alt=\"\" class=\"wp-image-5140\"\/><\/figure>\n","protected":false},"excerpt":{"rendered":"<p>Link de inscripcion: https:\/\/forms.gle\/LFfBcQRxZzs3oFoA6 Aprobada: CONEAU ACTA N\u00b0 457\/17 \u2013 Universidad Nacional de Rosario Resoluci\u00f3n N\u00b0 1556\/16 INSTITUCI\u00d3N RESPONSABLE:&nbsp;Facultad de Humanidades y Artes. Universidad Nacional de Rosario (UNR) NIVEL:&nbsp;Posgrado TIPO DE MAESTR\u00cdA:&nbsp;Profesional, , concluye con la aprobaci\u00f3n de un Proyecto de Intervenci\u00f3n Institucional. MODALIDAD de Cursado: Presencial. Dos (2) encuentros o jornadas completa por mes &#8230; <a title=\"Maestr\u00eda en Did\u00e1ctica de la Educaci\u00f3n F\u00edsica\" class=\"read-more\" href=\"https:\/\/iesparana-ers.infd.edu.ar\/sitio\/maestria-en-didactica-de-la-educacion-fisica\/\" aria-label=\"More on Maestr\u00eda en Did\u00e1ctica de la Educaci\u00f3n F\u00edsica\">[+]<\/a><\/p>\n","protected":false},"author":23,"featured_media":0,"parent":0,"menu_order":0,"comment_status":"closed","ping_status":"closed","template":"","meta":[],"acf":[],"_links":{"self":[{"href":"https:\/\/iesparana-ers.infd.edu.ar\/sitio\/wp-json\/wp\/v2\/pages\/2348"}],"collection":[{"href":"https:\/\/iesparana-ers.infd.edu.ar\/sitio\/wp-json\/wp\/v2\/pages"}],"about":[{"href":"https:\/\/iesparana-ers.infd.edu.ar\/sitio\/wp-json\/wp\/v2\/types\/page"}],"author":[{"embeddable":true,"href":"https:\/\/iesparana-ers.infd.edu.ar\/sitio\/wp-json\/wp\/v2\/users\/23"}],"replies":[{"embeddable":true,"href":"https:\/\/iesparana-ers.infd.edu.ar\/sitio\/wp-json\/wp\/v2\/comments?post=2348"}],"version-history":[{"count":6,"href":"https:\/\/iesparana-ers.infd.edu.ar\/sitio\/wp-json\/wp\/v2\/pages\/2348\/revisions"}],"predecessor-version":[{"id":2384,"href":"https:\/\/iesparana-ers.infd.edu.ar\/sitio\/wp-json\/wp\/v2\/pages\/2348\/revisions\/2384"}],"wp:attachment":[{"href":"https:\/\/iesparana-ers.infd.edu.ar\/sitio\/wp-json\/wp\/v2\/media?parent=2348"}],"curies":[{"name":"wp","href":"https:\/\/api.w.org\/{rel}","templated":true}]}}