{"id":2421,"date":"2022-08-29T20:24:02","date_gmt":"2022-08-29T23:24:02","guid":{"rendered":"https:\/\/iesparana-ers.infd.edu.ar\/sitio\/?page_id=2421"},"modified":"2022-08-29T20:24:04","modified_gmt":"2022-08-29T23:24:04","slug":"presenacion-de-documentacion-faltante","status":"publish","type":"page","link":"https:\/\/iesparana-ers.infd.edu.ar\/sitio\/presenacion-de-documentacion-faltante\/","title":{"rendered":"PRESENACI\u00d3N DE DOCUMENTACI\u00d3N FALTANTE"},"content":{"rendered":"\n<p><strong>Alumnos de 2do a\u00f1o<\/strong><\/p>\n\n\n\n<figure class=\"wp-block-table\"><table><tbody><tr><td><\/td><td>&nbsp;<\/td><\/tr><tr><td><strong>APELLIDO Y NOMBRES<\/strong><\/td><td>&nbsp;&nbsp;&nbsp;&nbsp;&nbsp;&nbsp;&nbsp;&nbsp;&nbsp;&nbsp;&nbsp;&nbsp;&nbsp;<strong>DNI<\/strong><\/td><\/tr><tr><td>ALMIRON IGNACIO JAVIER<\/td><td>&nbsp;&nbsp;&nbsp;&nbsp;&nbsp;&nbsp;&nbsp;&nbsp; &nbsp;44.060.288<\/td><\/tr><tr><td>AGUIRRE TAISER CARLA NATL\u00cd<\/td><td>39.838.594<\/td><\/tr><tr><td>AUMASSANNE FRANCO GABRIEL<\/td><td>40.160.181<\/td><\/tr><tr><td>BALDA LORENZO TOM\u00c1S<\/td><td>44.644.826<\/td><\/tr><tr><td>BAROLIN JOAQUIN DANIEL<\/td><td>44.821.316<\/td><\/tr><tr><td>BADARACCO MARIA BELEN<\/td><td>44.152.094<\/td><\/tr><tr><td>BERON MARIA JULIANA<\/td><td>33.503.232<\/td><\/tr><tr><td>BASSO JULIAN LISANDRO<\/td><td>42.070.127<\/td><\/tr><tr><td>BORNISEN LUANA MARIA<\/td><td>44.644.924<\/td><\/tr><tr><td>BREST MILAGROS AILIN<\/td><td>43.292.872<\/td><\/tr><tr><td>CACERES LUIS FERNANDO<\/td><td>42.241.141<\/td><\/tr><tr><td>CALUVA NAHIR ARIADNA<\/td><td>44.922.758<\/td><\/tr><tr><td>CASTRO JUAN PABLO<\/td><td>41.268.276<\/td><\/tr><tr><td>CEBALLOS ROCIO MICAELA<\/td><td>42.731.952<\/td><\/tr><tr><td>CEPEDA JONATAN DAVID<\/td><td>43.349.082<\/td><\/tr><tr><td>COMAS JAVIER EXEQUIEL<\/td><td>36.103.560<\/td><\/tr><tr><td>CISNEROS FRANCISCO ISAIAS<\/td><td>45.337.168<\/td><\/tr><tr><td>DALINGER CANDELA<\/td><td>44.701.998<\/td><\/tr><tr><td>DUARTE ALEXIS LEONEL<\/td><td>41.867.366<\/td><\/tr><tr><td>DO ESPIRITO SANTO FERNANDO&nbsp;&nbsp;&nbsp;&nbsp;&nbsp;&nbsp;&nbsp;&nbsp;&nbsp;&nbsp;&nbsp;&nbsp;&nbsp;&nbsp;&nbsp;&nbsp;&nbsp;&nbsp;&nbsp;&nbsp;&nbsp;&nbsp;&nbsp;&nbsp;&nbsp;&nbsp;&nbsp;&nbsp;&nbsp;&nbsp;&nbsp;&nbsp;&nbsp;&nbsp;&nbsp;&nbsp;&nbsp;&nbsp;&nbsp;&nbsp;&nbsp;&nbsp;&nbsp;&nbsp;&nbsp;&nbsp;&nbsp;&nbsp;&nbsp;&nbsp;&nbsp;&nbsp;&nbsp;&nbsp;&nbsp;&nbsp;&nbsp;&nbsp;&nbsp;&nbsp;&nbsp;&nbsp;&nbsp;&nbsp;&nbsp;&nbsp;&nbsp;&nbsp;&nbsp;&nbsp;&nbsp;&nbsp;<\/td><td>YC776380<\/td><\/tr><tr><td>FLEMATTI LEANDRO HERNAN<\/td><td>41.043.885<\/td><\/tr><tr><td>GAUNA JEREMIAS GABRIEL<\/td><td>43.679.374<\/td><\/tr><tr><td>GILES VERGARA MISAEL<\/td><td>42.920.055&nbsp;&nbsp;&nbsp;&nbsp;&nbsp;&nbsp;&nbsp;&nbsp;&nbsp;&nbsp;&nbsp;&nbsp;&nbsp;&nbsp;&nbsp;&nbsp;&nbsp;&nbsp;&nbsp;&nbsp;&nbsp;&nbsp;&nbsp;&nbsp;&nbsp;&nbsp;&nbsp;&nbsp;&nbsp;&nbsp;&nbsp;&nbsp;&nbsp;&nbsp;&nbsp;&nbsp;&nbsp;&nbsp;&nbsp;&nbsp;&nbsp;&nbsp;&nbsp;&nbsp;&nbsp;&nbsp;&nbsp;&nbsp;&nbsp;&nbsp;&nbsp;&nbsp;&nbsp;&nbsp;&nbsp;&nbsp;&nbsp;&nbsp;&nbsp;&nbsp;&nbsp;&nbsp;&nbsp;&nbsp;&nbsp;&nbsp;&nbsp;&nbsp;&nbsp;&nbsp;&nbsp;&nbsp;&nbsp;&nbsp;&nbsp;&nbsp;&nbsp;&nbsp;&nbsp;&nbsp;&nbsp;&nbsp;&nbsp;&nbsp;&nbsp;&nbsp;&nbsp;&nbsp;&nbsp;&nbsp;&nbsp;&nbsp;&nbsp;&nbsp;&nbsp;&nbsp;&nbsp;&nbsp;&nbsp;&nbsp;&nbsp;&nbsp;&nbsp;&nbsp;&nbsp;&nbsp;&nbsp;&nbsp;&nbsp;&nbsp;&nbsp;&nbsp;&nbsp;&nbsp;&nbsp;&nbsp;&nbsp;&nbsp;&nbsp;&nbsp;&nbsp;&nbsp;&nbsp;&nbsp;&nbsp;&nbsp;&nbsp;&nbsp;&nbsp;&nbsp;&nbsp;&nbsp;&nbsp;&nbsp;&nbsp;&nbsp;&nbsp;&nbsp;&nbsp;&nbsp;&nbsp;&nbsp;&nbsp;&nbsp;&nbsp;&nbsp;&nbsp;&nbsp;&nbsp;&nbsp;&nbsp;&nbsp;&nbsp;&nbsp;&nbsp;&nbsp;&nbsp;&nbsp;&nbsp;&nbsp;&nbsp;&nbsp;&nbsp;&nbsp;&nbsp;&nbsp;&nbsp;&nbsp;&nbsp;&nbsp;&nbsp;&nbsp;&nbsp;&nbsp;&nbsp;&nbsp;&nbsp;&nbsp;&nbsp;<\/td><\/tr><tr><td>GONZALEZ CAMILA<\/td><td>42.918.645<\/td><\/tr><tr><td>GONZALEZ HECTOR VALENTIN<\/td><td>42.241.077<\/td><\/tr><tr><td>HERGENREDER LEONEL AMILCAR<\/td><td>44.701.782<\/td><\/tr><tr><td>LEDESMA BRISA MILAGROS<\/td><td>43.292.655<\/td><\/tr><tr><td>LEDESMA FACUNDO LEONEL<\/td><td>43.756.011<\/td><\/tr><tr><td>LESCANO VALENTIN JAVIER<\/td><td>44.497.889<\/td><\/tr><tr><td>MARTINEZ FACUNDO MANUEL<\/td><td>40.819.181<\/td><\/tr><tr><td>MEDRANO IARA AYELEN<\/td><td>43.114.277<\/td><\/tr><tr><td>MONTERO MATEO<\/td><td>43.349.950<\/td><\/tr><tr><td>MORISCONI SOFIA<\/td><td>44.211.398<\/td><\/tr><tr><td>OLIVO ROMINA IVANA<\/td><td>39.261.716<\/td><\/tr><tr><td>OLIVO VIRGINIA ELIZABETH<\/td><td>44.622.913<\/td><\/tr><tr><td>PARE SURITA ANIBAL<\/td><td>36.833.773<\/td><\/tr><tr><td>PIOTO BRUNO NICOLAS<\/td><td>44.369.339<\/td><\/tr><tr><td>ROMERO LUCIANO<\/td><td>43.030.086<\/td><\/tr><tr><td>RODRIGUEZ GONZALO NICOLAS<\/td><td>43.292.458<\/td><\/tr><tr><td>RODRIGUEZ BRUNO<\/td><td>44.555.925<\/td><\/tr><tr><td>RODRIGUEZ PABLO<\/td><td>44.283.549<\/td><\/tr><tr><td>ROMERO SEBASTIAN<\/td><td>44.701.910<\/td><\/tr><tr><td>SANCHEZ CIARROCA VALENTIN<\/td><td>44.556.639<\/td><\/tr><tr><td>SANTANA VALENTIN<\/td><td>44.702.077<\/td><\/tr><tr><td>SAPERAS JOSE FRANCISCO<\/td><td>44.368.290<\/td><\/tr><tr><td>SCHUMACHER MILAGROS<\/td><td>44.556.549<\/td><\/tr><tr><td>SCHELL LAURA<\/td><td>42.918.903<\/td><\/tr><tr><td>SEIMANDI RODRIGO<\/td><td>42.602.002<\/td><\/tr><tr><td>SUAREZ PATRICIO<\/td><td>44.763.153<\/td><\/tr><tr><td>SOSA RODRIGO RAMON<\/td><td>42.581.241<\/td><\/tr><tr><td>TABORDA DEPARDON JOEL<\/td><td>43.293.227<\/td><\/tr><tr><td>TREVISAN RAMIRO NAIM<\/td><td>44.440.481<\/td><\/tr><tr><td>VARISCO JUAN MANUEL<\/td><td>44.644.913<\/td><\/tr><tr><td>VILLABONA MARTINEZ JULIAN<\/td><td>44.623.036<\/td><\/tr><tr><td>VILLAGRA MARLENE<\/td><td>42.731.657<\/td><\/tr><\/tbody><\/table><\/figure>\n\n\n\n<figure class=\"wp-block-table\"><table><tbody><tr><td><\/td><td>&nbsp;<\/td><\/tr><tr><td><strong>APELLIDO Y NOMBRES<\/strong><\/td><td>&nbsp;&nbsp;&nbsp;&nbsp;&nbsp;&nbsp;&nbsp;&nbsp;&nbsp;&nbsp;&nbsp; &nbsp;<strong>DNI<\/strong><\/td><\/tr><tr><td>ALEGRE, ALDANA MARILIN<\/td><td>&nbsp;&nbsp;&nbsp;&nbsp; &nbsp;&nbsp;&nbsp;&nbsp;&nbsp;44.074.328<\/td><\/tr><tr><td>ANDERSON MEDINA BRIAN MARCOS<\/td><td>43.350.151<\/td><\/tr><tr><td>ARRUA,SARA ESTEFANIA<\/td><td>44.211.597<\/td><\/tr><tr><td>BELTZER, VALENTIN FERNANDO<\/td><td>44.368.576<\/td><\/tr><tr><td>BILBAO,MARIA AYELEN<\/td><td>44.701.720<\/td><\/tr><tr><td>BLANCO, ESTEFANIA MARICEL<\/td><td>41.505.404<\/td><\/tr><tr><td>BONSI,MARTINA<\/td><td>44.701.919<\/td><\/tr><tr><td>BORGOGNO MANTAY FRANCO NICOLAS<\/td><td>42.293.025<\/td><\/tr><tr><td>BOURDET,GIULIANO DAVID<\/td><td>40.166.981<\/td><\/tr><tr><td>CISNEROS, MICAELA CELESTE<\/td><td>42.263.521<\/td><\/tr><tr><td>CASTRO, CAMILA<\/td><td>44.622.852<\/td><\/tr><tr><td>CASTRO, FIAMA MAGALI<\/td><td>40.388.524<\/td><\/tr><tr><td>CORNEJO,TOMAS<\/td><td>43.756.009<\/td><\/tr><tr><td>DALINGER, ITURBIDE STEFANIA<\/td><td>36.831.606<\/td><\/tr><tr><td>DECHANZI, ROCIO<\/td><td>44.701.829<\/td><\/tr><tr><td>FERNANDEZ KUFFER JUAN MANUEL<\/td><td>34.057.409<\/td><\/tr><tr><td>FRANCO, ELIAS DAMIAN<\/td><td>44.033.473<\/td><\/tr><tr><td>GARCIA EXEQUIEL JULIO<\/td><td>41.505.160<\/td><\/tr><tr><td>GIMENEZ PILAR<\/td><td>44.033.230<\/td><\/tr><tr><td>GONZALEZ, AGUTINA ABRIL<\/td><td>42.070.185<\/td><\/tr><tr><td>GUTIERREZ DAIANA<\/td><td>43.292.313<\/td><\/tr><tr><td>HERE\u00d1\u00da, EXEQUIEL<\/td><td>44.556.174<\/td><\/tr><tr><td>HERRLEIN, CANDELA MILAGROS<\/td><td>44.369.219<\/td><\/tr><tr><td>ITURAIN,MARIA LUJAN<\/td><td>37.290.930<\/td><\/tr><tr><td>LALLANA, ZOE<\/td><td>44.034.689<\/td><\/tr><tr><td>LEIVA,TOMAS EMANUEL<\/td><td>41.867.155<\/td><\/tr><tr><td>LINARES JORGE<\/td><td>36.814.308<\/td><\/tr><tr><td>LIEVA, MALENA<\/td><td>42.070.435<\/td><\/tr><tr><td>MARTINEZ,TALIA ALEJANDRA<\/td><td>39.260.075<\/td><\/tr><tr><td>MENA, ROMINA NATALIA<\/td><td>43.755.851<\/td><\/tr><tr><td>MI\u00d1O, ENZO<\/td><td>44.034.573<\/td><\/tr><tr><td>MONZON PABLO CESAR<\/td><td>42.972.926<\/td><\/tr><tr><td>M\u00dcLLER ANDRES<\/td><td>42.470.226<\/td><\/tr><tr><td>NOYA GIRALDI LUCAS<\/td><td>44.701.800<\/td><\/tr><tr><td>PEREYRA JESUS<\/td><td>44.033.206<\/td><\/tr><tr><td>PADILLA PALAVECINO ABEL<\/td><td>41.754.480<\/td><\/tr><tr><td>RODRIGUEZ SUAREZ FEDERICO<\/td><td>44.702.667<\/td><\/tr><tr><td>STEINT,JUAN MANUEL<\/td><td>38.769.313<\/td><\/tr><tr><td>STIER, AILEN ALEJANDRA<\/td><td>44.644.389<\/td><\/tr><tr><td>SOLANAS,MARCO NAHUEL<\/td><td>44.211.366<\/td><\/tr><tr><td>TRAVER CURA, ESTANISLAO<\/td><td>44.743.070<\/td><\/tr><tr><td>VILLA, ANA VIOLETA<\/td><td>43.826.823<\/td><\/tr><tr><td>VIGGIANO, BRISA<\/td><td>42.476.552<\/td><\/tr><\/tbody><\/table><\/figure>\n\n\n\n<p><strong>Alumnos de 1er a\u00f1o<\/strong><\/p>\n\n\n\n<p>Seg\u00fan resoluci\u00f3n N\u00b0 4967\/19 del CGE en su art\u00edculo 14 los alumnos deber\u00e1n presentar antes del principio del segundo cuatrimestre la constancia de t\u00edtulo en tr\u00e1mite. Caso contrario no podr\u00e1n seguir cursando sus estudios en esta instituci\u00f3n.<\/p>\n\n\n\n<p>Tambi\u00e9n deben presentar con car\u00e1cter urgente la ficha m\u00e9dica con los estudios de ergometr\u00eda y electrocardiograma.<\/p>\n\n\n\n<figure class=\"wp-block-table\"><table><tbody><tr><td>Aguirre<\/td><td>Elias Aar\u00f3n<\/td><td>C.T.TRAMITE-F.MEDICA<\/td><\/tr><tr><td>Alarcon<\/td><td>Maria Belen<\/td><td>ADEUDA MATERIA<\/td><\/tr><tr><td>Amado<\/td><td>Hernan Valentin<\/td><td>C.T.TRAMITE<\/td><\/tr><tr><td>Bambozzi<\/td><td>Juan cruz<\/td><td>F.MEDICA-C.T.TRAMITE<\/td><\/tr><tr><td>Barrozo Sibulofsky<\/td><td>Tatiana Rebeca Melina<\/td><td>F.MEDICA<\/td><\/tr><tr><td>Bogado<\/td><td>Alex Jos\u00e9<\/td><td>F. MEDICA<\/td><\/tr><tr><td>Calder\u00f3n<\/td><td>Fiorella Martina<\/td><td>ADEUDA MAT<\/td><\/tr><tr><td>Cerafia<\/td><td>Nahuel Valent\u00edn<\/td><td>C.T.TRAMITE-F.MEDICA<\/td><\/tr><tr><td>C\u00e9sari<\/td><td>Nazareth<\/td><td>C.T.TRAMITE<\/td><\/tr><tr><td>Chavez<\/td><td>Jaime Rafael<\/td><td>F.MEDICA-C.T.TRAMITE<\/td><\/tr><tr><td>Delturco<\/td><td>Bruno Jes\u00fas<\/td><td>C.T.TRAMITE- F. MEDICA<\/td><\/tr><tr><td>Demartin<\/td><td>Karen Gimena<\/td><td>F.MEDICA<\/td><\/tr><tr><td>&nbsp;<\/td><td>&nbsp;<\/td><td>&nbsp;<\/td><\/tr><tr><td>Dettler Manzo<\/td><td>Yamil Jos\u00e9<\/td><td>C.T.TRAMITE<\/td><\/tr><tr><td>D\u00edaz Arener<\/td><td>Delfina<\/td><td>C.T.TRAMITE<\/td><\/tr><tr><td>Dur\u00e1n<\/td><td>Rocio de los MIlagros<\/td><td>C.T.TRAMITE<\/td><\/tr><tr><td>Escobar<\/td><td>Lisanddro Martin<\/td><td>C.T.TRAMITE<\/td><\/tr><tr><td>Fern\u00e1ndez<\/td><td>Joaquin Gabriel<\/td><td>F.MEDICA-C.T.TRAMITE<\/td><\/tr><tr><td>&nbsp;<\/td><td>&nbsp;<\/td><td>&nbsp;<\/td><\/tr><tr><td>Figueroa<\/td><td>Pablo Hern\u00e1n<\/td><td>F.MEDICA-C.T.TRAMITE<\/td><\/tr><tr><td>Flores<\/td><td>Elin Carolina<\/td><td>ADEUDA MATERIAS<\/td><\/tr><tr><td>Gaitan<\/td><td>Maira Agustina<\/td><td>C.T.TRAMITE-F.MEDICA<\/td><\/tr><tr><td>&nbsp;<\/td><td>&nbsp;<\/td><td><\/td><\/tr><tr><td>Galizzi<\/td><td>Juliana Alejandra<\/td><td>F.MEDICA<\/td><\/tr><tr><td>Gauna<\/td><td>Sharon Magali<\/td><td>C.T.TRAMITE-F.MEDICA<\/td><\/tr><tr><td>Godoy<\/td><td>Brisa Ail\u00e9n<\/td><td>T.TRAMITE-F.MEDICA<\/td><\/tr><tr><td>Gomez<\/td><td>Abigail<\/td><td>C.T.TRAMITE<\/td><\/tr><tr><td>&nbsp;<\/td><td>&nbsp;<\/td><td>&nbsp;<\/td><\/tr><tr><td>Gonzalez<\/td><td>Yazmin Belen<\/td><td>ADEUDA MATERIAS<\/td><\/tr><tr><td>Gonzalez<\/td><td>Lautaro Ezequiel<\/td><td>F.MEDICA-C.T.TRAMITE<\/td><\/tr><tr><td>Holmgren<\/td><td>Joaquin Gonzalo<\/td><td>C.T.TRAMITE-F.MEDICA<\/td><\/tr><tr><td>Iensen<\/td><td>Mercedes Luc\u00eda<\/td><td>ADEUDA MAT.<\/td><\/tr><tr><td>Ippolito<\/td><td>Nahuel Jes\u00fas<\/td><td>C.T.TRAMITE<\/td><\/tr><tr><td>KUHMICHEL VERGARA<\/td><td>MARTINIANO MARCELO<\/td><td>C.T.TRAMITE<\/td><\/tr><tr><td>&nbsp;<\/td><td>&nbsp;<\/td><td>&nbsp;<\/td><\/tr><tr><td>Lambarri<\/td><td>Mart\u00edn Manuel<\/td><td>C.T.TRAMITE-F.MEDICA<\/td><\/tr><tr><td>Larenti<\/td><td>Adrian Ezequiel<\/td><td>C.T.TRAMITE-F.MEDICA<\/td><\/tr><tr><td>Ledesma<\/td><td>Maria Eva<\/td><td>C.T.TRAMITE-F.MEDICA<\/td><\/tr><tr><td>Ledesma<\/td><td>Mirko Xavier<\/td><td>C.T.TRAMITE<\/td><\/tr><tr><td>LESCANO<\/td><td>EDGARDO EMANUEL<\/td><td>C.T.TRAMITE<\/td><\/tr><tr><td>Mancuello<\/td><td>Joaquin Gonzalo Emanuel<\/td><td>F.MEDICA-C.T.TRAMITE<\/td><\/tr><tr><td>MARTINEZ<\/td><td>LAUTARO RODOLFO<\/td><td>C.T.TRAMITE<\/td><\/tr><tr><td>Mart\u00ednez<\/td><td>Fernando Valent\u00edn<\/td><td>C.T.TRAMITE-F.MEDICA<\/td><\/tr><tr><td>&nbsp;<\/td><td>&nbsp;<\/td><td>&nbsp;<\/td><\/tr><tr><td>Mayor<\/td><td>Milagros Macarena<\/td><td>C.T.TRAMITE<\/td><\/tr><tr><td>Minaglia Molina<\/td><td>El\u00edas<\/td><td>C.T.TRAMITE<\/td><\/tr><tr><td>Monz\u00f3n<\/td><td>Alejo Gabriel<\/td><td>C.T.TRAMITE-F.MEDICA<\/td><\/tr><tr><td>Morales Acevedo<\/td><td>Ger\u00f3nimo Germ\u00e1n<\/td><td>C.T.TRAMITE-F.MEDICA<\/td><\/tr><tr><td>Moreira Barsotti<\/td><td>Juan Cruz<\/td><td>C.T.TRAMITE<\/td><\/tr><tr><td>Ormache<\/td><td>Juan Ignacio<\/td><td>ADEUDA MAT.<\/td><\/tr><tr><td>&nbsp;<\/td><td>&nbsp;<\/td><td>&nbsp;<\/td><\/tr><tr><td>Osuna<\/td><td>Agustina Micaela<\/td><td>ADEUDA MAT.<\/td><\/tr><tr><td>Peralta<\/td><td>Pablo Jes\u00fas<\/td><td>T.TRAMITE-F.MED<\/td><\/tr><tr><td>Pesoa<\/td><td>Marianela Jacqueline<\/td><td>F.MEDICA-T.SEC<\/td><\/tr><tr><td>Pujol<\/td><td>Maria Milagros<\/td><td>C.T.TRAMITE-F.MED<\/td><\/tr><tr><td>Ram\u00edrez<\/td><td>Nadia Micaela<\/td><td>C.T.TRAMITE-F.MEDICA<\/td><\/tr><tr><td>Retamar Villarreal<\/td><td>Milton Tobias<\/td><td>C.T.TRAMITE<\/td><\/tr><tr><td>Rios<\/td><td>Juan Jose<\/td><td>A.MATERIAS<\/td><\/tr><tr><td>Rios<\/td><td>Agustina luisana<\/td><td>C.T.TRAMITE<\/td><\/tr><tr><td>&nbsp;<\/td><td>&nbsp;<\/td><td>&nbsp;<\/td><\/tr><tr><td>R\u00edos<\/td><td>Francisco Santiago<\/td><td>C.T.TRAMITE<\/td><\/tr><tr><td>Rivero Arrues<\/td><td>Nayla<\/td><td>C.T.TRAMITE<\/td><\/tr><tr><td>Rodr\u00edguez<\/td><td>Sebasti\u00e1n Alejandro<\/td><td>C.T.TRAMITE-F.MEDICA<\/td><\/tr><tr><td>Rogel P\u00e9rez<\/td><td>Tom\u00e1s Augusto<\/td><td>C.T.TRAMITE-F.MEDICA<\/td><\/tr><tr><td>Romero<\/td><td>Camila Alexandra<\/td><td>A.MATERIAS<\/td><\/tr><tr><td>S\u00e0nchez<\/td><td>Eugenia<\/td><td>C.T.TRAMITE<\/td><\/tr><tr><td>Santana<\/td><td>Micaela Bel\u00e9n<\/td><td>ADEUDA MAT<\/td><\/tr><tr><td>Schneider<\/td><td>Isa\u00edas Ezequiel<\/td><td>C.T.TRAMITE<\/td><\/tr><tr><td>Tablada<\/td><td>Santiago Joaquin<\/td><td>A.MATERIAS<\/td><\/tr><tr><td>Taborda Cabrera<\/td><td>Nicolas Nahuel<\/td><td>A.MATERIAS<\/td><\/tr><tr><td>Tovane Acosta<\/td><td>Morena Valeriana<\/td><td>C.T.TRAMITE<\/td><\/tr><tr><td>Velazquez Bolzan<\/td><td>Felipe Juliano<\/td><td>C.T.TRAMITE<\/td><\/tr><tr><td>Vergara Rico<\/td><td>Dylan Rodrigo Miqueas<\/td><td>C.T.TRAMITE<\/td><\/tr><tr><td>Viera<\/td><td>Malena Victoria Abril<\/td><td>C.T.TRAMITE<\/td><\/tr><tr><td>Vilches<\/td><td>Rodrigo Alejandro Adriel<\/td><td>C.T.TRAMITE<\/td><\/tr><tr><td>Zavalla<\/td><td>Diego Nicolas<\/td><td>A.MATERIAS<\/td><\/tr><\/tbody><\/table><\/figure>\n","protected":false},"excerpt":{"rendered":"<p>Alumnos de 2do a\u00f1o &nbsp; APELLIDO Y NOMBRES &nbsp;&nbsp;&nbsp;&nbsp;&nbsp;&nbsp;&nbsp;&nbsp;&nbsp;&nbsp;&nbsp;&nbsp;&nbsp;DNI ALMIRON IGNACIO JAVIER &nbsp;&nbsp;&nbsp;&nbsp;&nbsp;&nbsp;&nbsp;&nbsp; &nbsp;44.060.288 AGUIRRE TAISER CARLA NATL\u00cd 39.838.594 AUMASSANNE FRANCO GABRIEL 40.160.181 BALDA LORENZO TOM\u00c1S 44.644.826 BAROLIN JOAQUIN DANIEL 44.821.316 BADARACCO MARIA BELEN 44.152.094 BERON MARIA JULIANA 33.503.232 BASSO JULIAN LISANDRO 42.070.127 BORNISEN LUANA MARIA 44.644.924 BREST MILAGROS AILIN 43.292.872 CACERES LUIS FERNANDO 42.241.141 &#8230; <a title=\"PRESENACI\u00d3N DE DOCUMENTACI\u00d3N FALTANTE\" class=\"read-more\" href=\"https:\/\/iesparana-ers.infd.edu.ar\/sitio\/presenacion-de-documentacion-faltante\/\" aria-label=\"More on PRESENACI\u00d3N DE DOCUMENTACI\u00d3N FALTANTE\">[+]<\/a><\/p>\n","protected":false},"author":23,"featured_media":0,"parent":0,"menu_order":0,"comment_status":"closed","ping_status":"closed","template":"","meta":[],"acf":[],"_links":{"self":[{"href":"https:\/\/iesparana-ers.infd.edu.ar\/sitio\/wp-json\/wp\/v2\/pages\/2421"}],"collection":[{"href":"https:\/\/iesparana-ers.infd.edu.ar\/sitio\/wp-json\/wp\/v2\/pages"}],"about":[{"href":"https:\/\/iesparana-ers.infd.edu.ar\/sitio\/wp-json\/wp\/v2\/types\/page"}],"author":[{"embeddable":true,"href":"https:\/\/iesparana-ers.infd.edu.ar\/sitio\/wp-json\/wp\/v2\/users\/23"}],"replies":[{"embeddable":true,"href":"https:\/\/iesparana-ers.infd.edu.ar\/sitio\/wp-json\/wp\/v2\/comments?post=2421"}],"version-history":[{"count":1,"href":"https:\/\/iesparana-ers.infd.edu.ar\/sitio\/wp-json\/wp\/v2\/pages\/2421\/revisions"}],"predecessor-version":[{"id":2422,"href":"https:\/\/iesparana-ers.infd.edu.ar\/sitio\/wp-json\/wp\/v2\/pages\/2421\/revisions\/2422"}],"wp:attachment":[{"href":"https:\/\/iesparana-ers.infd.edu.ar\/sitio\/wp-json\/wp\/v2\/media?parent=2421"}],"curies":[{"name":"wp","href":"https:\/\/api.w.org\/{rel}","templated":true}]}}