{"id":2993,"date":"2023-11-22T19:41:57","date_gmt":"2023-11-22T22:41:57","guid":{"rendered":"https:\/\/iesparana-ers.infd.edu.ar\/sitio\/?page_id=2993"},"modified":"2023-12-06T22:43:55","modified_gmt":"2023-12-07T01:43:55","slug":"mesas-de-examen-noviembre-diciembre-2023","status":"publish","type":"page","link":"https:\/\/iesparana-ers.infd.edu.ar\/sitio\/mesas-de-examen-noviembre-diciembre-2023\/","title":{"rendered":"MESAS NOVIEMBRE-DICIEMBRE 2023"},"content":{"rendered":"\n<p class=\"has-large-font-size\">Aclaraci\u00f3n: est\u00e1n publicados en esta publicaci\u00f3n, los links de inscripci\u00f3n al primer y segundo llamado y los links de baja de mesas del primer y segundo llamado<\/p>\n\n\n\n<p class=\"has-large-font-size\"><strong>1\u00ba llamado<\/strong><\/p>\n\n\n\n<p><strong>Inscripci\u00f3n: 27 y 28 de noviembre. A trav\u00e9s de este link:<\/strong> <a href=\"https:\/\/docs.google.com\/forms\/d\/e\/1FAIpQLScb0nWlHpR_HOjMLe7vH_OgIB2G-tcEiRZv1g8zZsKZC1RmiA\/closedform\" target=\"_blank\" rel=\"noreferrer noopener\">CLIC AQU\u00cd<\/a><\/p>\n\n\n\n<p><strong>Evaluaci\u00f3n: 30\/11 al 6\/12<\/strong><\/p>\n\n\n\n<figure class=\"wp-block-image size-full is-resized\"><img decoding=\"async\" loading=\"lazy\" src=\"https:\/\/iesparana-ers.infd.edu.ar\/sitio\/wp-content\/uploads\/2023\/11\/primerllamado-a.png\" alt=\"\" class=\"wp-image-3001\" width=\"1020\" height=\"548\"\/><\/figure>\n\n\n\n<p class=\"has-medium-font-size\"><\/p>\n\n\n\n<figure class=\"wp-block-image size-full is-resized\"><img decoding=\"async\" loading=\"lazy\" src=\"https:\/\/iesparana-ers.infd.edu.ar\/sitio\/wp-content\/uploads\/2023\/11\/primerllamado-b-1.png\" alt=\"\" class=\"wp-image-3002\" width=\"1017\" height=\"736\"\/><\/figure>\n\n\n\n<p><\/p>\n\n\n\n<figure class=\"wp-block-image size-full is-resized\"><img decoding=\"async\" loading=\"lazy\" src=\"https:\/\/iesparana-ers.infd.edu.ar\/sitio\/wp-content\/uploads\/2023\/11\/primerllamado-c-1.png\" alt=\"\" class=\"wp-image-3003\" width=\"1018\" height=\"753\"\/><\/figure>\n\n\n\n<figure class=\"wp-block-image size-full is-resized\"><img decoding=\"async\" loading=\"lazy\" src=\"https:\/\/iesparana-ers.infd.edu.ar\/sitio\/wp-content\/uploads\/2023\/11\/primerllamado-d-1.png\" alt=\"\" class=\"wp-image-3005\" width=\"1020\" height=\"752\"\/><\/figure>\n\n\n\n<p><\/p>\n\n\n\n<p class=\"has-large-font-size\"><strong>2\u00ba llamado<\/strong><\/p>\n\n\n\n<p><strong>Inscripci\u00f3n: 4, 5 y 6 de diciembre. A trav\u00e9s de este link:<\/strong> <a rel=\"noreferrer noopener\" href=\"https:\/\/docs.google.com\/forms\/d\/e\/1FAIpQLSdiIchSGe5FxLrYbrqvwbYLsPqiWrDhVRwJWdO0HNRytoHXlA\/closedform\" target=\"_blank\">CLIC AQU\u00cd<\/a><\/p>\n\n\n\n<p><strong>Evaluaci\u00f3n: 11\/12 al 15\/12<\/strong><\/p>\n\n\n\n<figure class=\"wp-block-image size-full is-resized\"><img decoding=\"async\" loading=\"lazy\" src=\"https:\/\/iesparana-ers.infd.edu.ar\/sitio\/wp-content\/uploads\/2023\/11\/segundollamado-a-1.png\" alt=\"\" class=\"wp-image-3006\" width=\"1018\" height=\"663\"\/><\/figure>\n\n\n\n<figure class=\"wp-block-image size-full is-resized\"><img decoding=\"async\" loading=\"lazy\" src=\"https:\/\/iesparana-ers.infd.edu.ar\/sitio\/wp-content\/uploads\/2023\/11\/segundollamado-b-1.png\" alt=\"\" class=\"wp-image-3007\" width=\"1022\" height=\"730\"\/><\/figure>\n\n\n\n<figure class=\"wp-block-image size-full is-resized\"><img decoding=\"async\" loading=\"lazy\" src=\"https:\/\/iesparana-ers.infd.edu.ar\/sitio\/wp-content\/uploads\/2023\/11\/segundollamado-c-1.png\" alt=\"\" class=\"wp-image-3008\" width=\"1029\" height=\"729\"\/><\/figure>\n\n\n\n<figure class=\"wp-block-image size-full is-resized\"><img decoding=\"async\" loading=\"lazy\" src=\"https:\/\/iesparana-ers.infd.edu.ar\/sitio\/wp-content\/uploads\/2023\/11\/segundollamado-d-1.png\" alt=\"\" class=\"wp-image-3009\" width=\"1020\" height=\"676\"\/><\/figure>\n\n\n\n<p><strong>EL ESTUDIANTE QUE NO SE PRESENTE A LA EVALUACI\u00d3N DEBER\u00c1 INFORMAR, CON 24 HORAS DE ANTICIPACI\u00d3N, (En d\u00edas h\u00e1biles. Se excluyen s\u00e1bados, domingos, feriados). EN LA PLANILLA CONFECCIONADA PARA TAL FIN COMPLETANDO CORRECTAMENTE LOS DATOS (GOOGLE DRIVE INSTITUCIONAL PARA DAR DE BAJA A LA MESA INSCRIPTA).<\/strong><br><br><a rel=\"noreferrer noopener\" href=\"https:\/\/docs.google.com\/spreadsheets\/d\/1_vBdsj405pDN46AFq5_x2w7-bjrTzl9MdcD4YBW8wks\/edit?usp=sharing\" target=\"_blank\"><strong>LINK PARA BAJA DE MESAS &#8211; 1\u00ba LLAMADO<\/strong><\/a><br><br><a rel=\"noreferrer noopener\" href=\"https:\/\/docs.google.com\/spreadsheets\/d\/1N1tvoxtm5kNseH72HY6RAgxI1bX3k1eLbxp6gfE0iWc\/edit?usp=sharing\" target=\"_blank\"><strong>LINK PARA BAJA DE MESAS &#8211; 2\u00ba LLAMADO<\/strong><\/a><\/p>\n\n\n\n<p><strong><br>-PRESENTARSE CON DNI Y LIBRETA. (OBLIGATORIO AL MOMENTO DE PRESENTARSE A LA MESA EXAMINADORA)<\/strong><\/p>\n\n\n\n<p><\/p>\n\n\n\n<p><\/p>\n\n\n\n<p><\/p>\n\n\n\n<p><\/p>\n\n\n\n<p><\/p>\n","protected":false},"excerpt":{"rendered":"<p>Aclaraci\u00f3n: est\u00e1n publicados en esta publicaci\u00f3n, los links de inscripci\u00f3n al primer y segundo llamado y los links de baja de mesas del primer y segundo llamado 1\u00ba llamado Inscripci\u00f3n: 27 y 28 de noviembre. A trav\u00e9s de este link: CLIC AQU\u00cd Evaluaci\u00f3n: 30\/11 al 6\/12 2\u00ba llamado Inscripci\u00f3n: 4, 5 y 6 de diciembre. &#8230; <a title=\"MESAS NOVIEMBRE-DICIEMBRE 2023\" class=\"read-more\" href=\"https:\/\/iesparana-ers.infd.edu.ar\/sitio\/mesas-de-examen-noviembre-diciembre-2023\/\" aria-label=\"More on MESAS NOVIEMBRE-DICIEMBRE 2023\">[+]<\/a><\/p>\n","protected":false},"author":1872,"featured_media":0,"parent":0,"menu_order":0,"comment_status":"closed","ping_status":"closed","template":"","meta":[],"acf":[],"_links":{"self":[{"href":"https:\/\/iesparana-ers.infd.edu.ar\/sitio\/wp-json\/wp\/v2\/pages\/2993"}],"collection":[{"href":"https:\/\/iesparana-ers.infd.edu.ar\/sitio\/wp-json\/wp\/v2\/pages"}],"about":[{"href":"https:\/\/iesparana-ers.infd.edu.ar\/sitio\/wp-json\/wp\/v2\/types\/page"}],"author":[{"embeddable":true,"href":"https:\/\/iesparana-ers.infd.edu.ar\/sitio\/wp-json\/wp\/v2\/users\/1872"}],"replies":[{"embeddable":true,"href":"https:\/\/iesparana-ers.infd.edu.ar\/sitio\/wp-json\/wp\/v2\/comments?post=2993"}],"version-history":[{"count":11,"href":"https:\/\/iesparana-ers.infd.edu.ar\/sitio\/wp-json\/wp\/v2\/pages\/2993\/revisions"}],"predecessor-version":[{"id":3036,"href":"https:\/\/iesparana-ers.infd.edu.ar\/sitio\/wp-json\/wp\/v2\/pages\/2993\/revisions\/3036"}],"wp:attachment":[{"href":"https:\/\/iesparana-ers.infd.edu.ar\/sitio\/wp-json\/wp\/v2\/media?parent=2993"}],"curies":[{"name":"wp","href":"https:\/\/api.w.org\/{rel}","templated":true}]}}