{"id":3079,"date":"2024-03-13T22:42:06","date_gmt":"2024-03-14T01:42:06","guid":{"rendered":"https:\/\/iesparana-ers.infd.edu.ar\/sitio\/?page_id=3079"},"modified":"2024-03-13T22:42:07","modified_gmt":"2024-03-14T01:42:07","slug":"inscripciones-a-unidades-curriculares-2024","status":"publish","type":"page","link":"https:\/\/iesparana-ers.infd.edu.ar\/sitio\/inscripciones-a-unidades-curriculares-2024\/","title":{"rendered":"INSCRIPCIONES A UNIDADES CURRICULARES 2024"},"content":{"rendered":"\n<p>Estudiantes: se comparte el link de inscripciones para las unidades curriculares de 1\u00ba a 4\u00ba a\u00f1o, para el a\u00f1o acad\u00e9mico 2024. Dicha inscripci\u00f3n estar\u00e1 habilitada 24 hs el d\u00eda 14 de marzo de 2024, sin excepci\u00f3n.<br><br><a href=\"https:\/\/docs.google.com\/forms\/d\/e\/1FAIpQLScag13b-LvFqkoZk_guLFzkaW5ET2bGs6u3DrHsP48OaBKl6A\/closedform\" target=\"_blank\" rel=\"noreferrer noopener\">INSCRIPCI\u00d3N A UNIDADES CURRICULARES 2024 DE 1\u00ba A 4\u00ba A\u00d1O P.E.F (HACER CLIC AQU\u00cd!)<\/a><\/p>\n\n\n\n<p>Estudiantes se comparte el link de inscripciones como Alumno Regular para el a\u00f1o ac\u00e1demico 2024 \u00fanicamente para estudiantes ingresantes de 1\u00ba a\u00f1o que no efectivizaron la misma los d\u00edas 11 y 12 de marzo de 2024.<br><br><a rel=\"noreferrer noopener\" href=\"https:\/\/docs.google.com\/forms\/d\/e\/1FAIpQLSepvZgF2FOQoPcsKIWBWlmVFSOjalSp6cbz_0aCLqrbTYdw_A\/closedform\" target=\"_blank\">INSCRIPCIONES COMO ALUMNO REGULAR 2024 (SOLO PARA ESTUDIANTES INGRESANTES DE 1\u00ba A\u00d1O QUE NO EFECTIVIZARON LA INSCRIPCI\u00d3N). CLIC AQUI!<\/a><\/p>\n","protected":false},"excerpt":{"rendered":"<p>Estudiantes: se comparte el link de inscripciones para las unidades curriculares de 1\u00ba a 4\u00ba a\u00f1o, para el a\u00f1o acad\u00e9mico 2024. Dicha inscripci\u00f3n estar\u00e1 habilitada 24 hs el d\u00eda 14 de marzo de 2024, sin excepci\u00f3n. INSCRIPCI\u00d3N A UNIDADES CURRICULARES 2024 DE 1\u00ba A 4\u00ba A\u00d1O P.E.F (HACER CLIC AQU\u00cd!) Estudiantes se comparte el link &#8230; <a title=\"INSCRIPCIONES A UNIDADES CURRICULARES 2024\" class=\"read-more\" href=\"https:\/\/iesparana-ers.infd.edu.ar\/sitio\/inscripciones-a-unidades-curriculares-2024\/\" aria-label=\"More on INSCRIPCIONES A UNIDADES CURRICULARES 2024\">[+]<\/a><\/p>\n","protected":false},"author":1872,"featured_media":0,"parent":0,"menu_order":0,"comment_status":"closed","ping_status":"closed","template":"","meta":[],"acf":[],"_links":{"self":[{"href":"https:\/\/iesparana-ers.infd.edu.ar\/sitio\/wp-json\/wp\/v2\/pages\/3079"}],"collection":[{"href":"https:\/\/iesparana-ers.infd.edu.ar\/sitio\/wp-json\/wp\/v2\/pages"}],"about":[{"href":"https:\/\/iesparana-ers.infd.edu.ar\/sitio\/wp-json\/wp\/v2\/types\/page"}],"author":[{"embeddable":true,"href":"https:\/\/iesparana-ers.infd.edu.ar\/sitio\/wp-json\/wp\/v2\/users\/1872"}],"replies":[{"embeddable":true,"href":"https:\/\/iesparana-ers.infd.edu.ar\/sitio\/wp-json\/wp\/v2\/comments?post=3079"}],"version-history":[{"count":1,"href":"https:\/\/iesparana-ers.infd.edu.ar\/sitio\/wp-json\/wp\/v2\/pages\/3079\/revisions"}],"predecessor-version":[{"id":3080,"href":"https:\/\/iesparana-ers.infd.edu.ar\/sitio\/wp-json\/wp\/v2\/pages\/3079\/revisions\/3080"}],"wp:attachment":[{"href":"https:\/\/iesparana-ers.infd.edu.ar\/sitio\/wp-json\/wp\/v2\/media?parent=3079"}],"curies":[{"name":"wp","href":"https:\/\/api.w.org\/{rel}","templated":true}]}}