{"id":3111,"date":"2024-06-27T22:52:37","date_gmt":"2024-06-28T01:52:37","guid":{"rendered":"https:\/\/iesparana-ers.infd.edu.ar\/sitio\/?page_id=3111"},"modified":"2024-07-22T20:07:07","modified_gmt":"2024-07-22T23:07:07","slug":"mesa-evaluadora-ordinaria-julio-agosto-2024","status":"publish","type":"page","link":"https:\/\/iesparana-ers.infd.edu.ar\/sitio\/mesa-evaluadora-ordinaria-julio-agosto-2024\/","title":{"rendered":"MESA EVALUADORA ORDINARIA &#8211; JULIO\/AGOSTO 2024"},"content":{"rendered":"\n<p>Estudiantes, se comparte la direcci\u00f3n de la nueva p\u00e1gina de inscripciones a las mesas evaluadoras ordinarias para el per\u00edodo Julio\/Agosto 2024. Las mesas presentan dos llamados a los cuales deben optar por uno de ellos para cada unidad curricular seg\u00fan lo establecido en el art\u00edculo 41 Resoluci\u00f3n N\u00b0 0249\/24 CGE.<br><br>Se les adjunta el tutorial para que puedan registrar su inscripci\u00f3n al primero o segundo llamado seg\u00fan las fechas establecidas:<\/p>\n\n\n\n<p>1\u00b0 llamado: del 28\/6 al 30\/6<br>2\u00b0 llamado: del 1\/7 al 3\/7<\/p>\n\n\n\n<p>Link de la p\u00e1gina de inscripciones: <a rel=\"noreferrer noopener\" href=\"https:\/\/iesparana.republicaweb.net\" target=\"_blank\">https:\/\/iesparana.republicaweb.net<\/a><br><\/p>\n\n\n\n<div class=\"wp-block-file\"><object class=\"wp-block-file__embed\" data=\"https:\/\/iesparana-ers.infd.edu.ar\/sitio\/wp-content\/uploads\/2024\/06\/tutorial-pagina-de-inscripciones.pdf\" type=\"application\/pdf\" style=\"width:100%;height:600px\" aria-label=\"Incrustado de tutorial-pagina-de-inscripciones.\"><\/object><a id=\"wp-block-file--media-011cf77b-2ec6-4f94-ad66-c1f843911097\" href=\"https:\/\/iesparana-ers.infd.edu.ar\/sitio\/wp-content\/uploads\/2024\/06\/tutorial-pagina-de-inscripciones.pdf\">tutorial-pagina-de-inscripciones<\/a><a href=\"https:\/\/iesparana-ers.infd.edu.ar\/sitio\/wp-content\/uploads\/2024\/06\/tutorial-pagina-de-inscripciones.pdf\" class=\"wp-block-file__button wp-element-button\" download aria-describedby=\"wp-block-file--media-011cf77b-2ec6-4f94-ad66-c1f843911097\">Descarga<\/a><\/div>\n\n\n\n<p><br><br><strong>ACLARACI\u00d3N IMPORTANTE<\/strong>: al ser un nuevo sistema de inscripciones que estamos implementando por primera vez, pueden ocurrir problemas de saturaci\u00f3n al superar cierta cantidad de accesos a la p\u00e1gina en simultaneo. En caso de ocurrir, solicitamos que intenten nuevamente transcurrido un tiempo determinado en el que la p\u00e1gina se restablezca con normalidad.<br><br><strong>Link de bajas:<br><\/strong><a href=\"https:\/\/docs.google.com\/spreadsheets\/d\/1C5JWz4tgP0_gMgpRpBE4d_O5cpklJsGA94_cNQFSN64\/edit?usp=sharing\" target=\"_blank\" rel=\"noreferrer noopener\">1\u00ba llamado<\/a><br><a href=\"https:\/\/docs.google.com\/spreadsheets\/d\/1FXvcW1FRilJEBDGTDtY2EN7d7BT2Dqf6FFIF4RhGn4c\/edit?usp=sharing\" target=\"_blank\" rel=\"noreferrer noopener\">2\u00ba llamado<\/a><\/p>\n\n\n\n<div class=\"wp-block-file\"><object class=\"wp-block-file__embed\" data=\"https:\/\/iesparana-ers.infd.edu.ar\/sitio\/wp-content\/uploads\/2024\/07\/MESAS-EVALUADORAS-ORDINARIAS-JULIO-AGOSTO-2024-MODIFICADO.pdf\" type=\"application\/pdf\" style=\"width:100%;height:600px\" aria-label=\"Incrustado de MESAS-EVALUADORAS-ORDINARIAS-JULIO-AGOSTO-2024-MODIFICADO.\"><\/object><a id=\"wp-block-file--media-e457467e-9d89-4ccb-8fbd-a2dad3968cd5\" href=\"https:\/\/iesparana-ers.infd.edu.ar\/sitio\/wp-content\/uploads\/2024\/07\/MESAS-EVALUADORAS-ORDINARIAS-JULIO-AGOSTO-2024-MODIFICADO.pdf\">MESAS-EVALUADORAS-ORDINARIAS-JULIO-AGOSTO-2024-MODIFICADO<\/a><a href=\"https:\/\/iesparana-ers.infd.edu.ar\/sitio\/wp-content\/uploads\/2024\/07\/MESAS-EVALUADORAS-ORDINARIAS-JULIO-AGOSTO-2024-MODIFICADO.pdf\" class=\"wp-block-file__button wp-element-button\" download aria-describedby=\"wp-block-file--media-e457467e-9d89-4ccb-8fbd-a2dad3968cd5\">Descarga<\/a><\/div>\n\n\n\n<p><\/p>\n\n\n\n<p><\/p>\n","protected":false},"excerpt":{"rendered":"<p>Estudiantes, se comparte la direcci\u00f3n de la nueva p\u00e1gina de inscripciones a las mesas evaluadoras ordinarias para el per\u00edodo Julio\/Agosto 2024. Las mesas presentan dos llamados a los cuales deben optar por uno de ellos para cada unidad curricular seg\u00fan lo establecido en el art\u00edculo 41 Resoluci\u00f3n N\u00b0 0249\/24 CGE. Se les adjunta el tutorial &#8230; <a title=\"MESA EVALUADORA ORDINARIA &#8211; JULIO\/AGOSTO 2024\" class=\"read-more\" href=\"https:\/\/iesparana-ers.infd.edu.ar\/sitio\/mesa-evaluadora-ordinaria-julio-agosto-2024\/\" aria-label=\"More on MESA EVALUADORA ORDINARIA &#8211; JULIO\/AGOSTO 2024\">[+]<\/a><\/p>\n","protected":false},"author":1872,"featured_media":0,"parent":0,"menu_order":0,"comment_status":"closed","ping_status":"closed","template":"","meta":[],"acf":[],"_links":{"self":[{"href":"https:\/\/iesparana-ers.infd.edu.ar\/sitio\/wp-json\/wp\/v2\/pages\/3111"}],"collection":[{"href":"https:\/\/iesparana-ers.infd.edu.ar\/sitio\/wp-json\/wp\/v2\/pages"}],"about":[{"href":"https:\/\/iesparana-ers.infd.edu.ar\/sitio\/wp-json\/wp\/v2\/types\/page"}],"author":[{"embeddable":true,"href":"https:\/\/iesparana-ers.infd.edu.ar\/sitio\/wp-json\/wp\/v2\/users\/1872"}],"replies":[{"embeddable":true,"href":"https:\/\/iesparana-ers.infd.edu.ar\/sitio\/wp-json\/wp\/v2\/comments?post=3111"}],"version-history":[{"count":4,"href":"https:\/\/iesparana-ers.infd.edu.ar\/sitio\/wp-json\/wp\/v2\/pages\/3111\/revisions"}],"predecessor-version":[{"id":3120,"href":"https:\/\/iesparana-ers.infd.edu.ar\/sitio\/wp-json\/wp\/v2\/pages\/3111\/revisions\/3120"}],"wp:attachment":[{"href":"https:\/\/iesparana-ers.infd.edu.ar\/sitio\/wp-json\/wp\/v2\/media?parent=3111"}],"curies":[{"name":"wp","href":"https:\/\/api.w.org\/{rel}","templated":true}]}}