{"id":3251,"date":"2025-02-11T22:53:36","date_gmt":"2025-02-12T01:53:36","guid":{"rendered":"https:\/\/iesparana-ers.infd.edu.ar\/sitio\/?page_id=3251"},"modified":"2025-02-11T22:53:39","modified_gmt":"2025-02-12T01:53:39","slug":"mesa-evaluadora-ordinaria-febrero-2025","status":"publish","type":"page","link":"https:\/\/iesparana-ers.infd.edu.ar\/sitio\/mesa-evaluadora-ordinaria-febrero-2025\/","title":{"rendered":"MESA EVALUADORA ORDINARIA \u2013 FEBRERO 2025"},"content":{"rendered":"\n<p>Estudiantes, las mesas presentan dos llamados a los cuales deben optar por uno de ellos para cada unidad curricular seg\u00fan lo establecido en el art\u00edculo 41 Resoluci\u00f3n N\u00b0 0249\/24 CGE.<br><br><strong>Inscripciones para PRIMER llamado: 12 de febrero de 2025<\/strong><\/p>\n\n\n\n<p><strong>Inscripciones para SEGUNDO llamado: 20 de febrero de 2025<\/strong><\/p>\n\n\n\n<p><strong>P\u00e1gina de inscripciones: <a href=\"https:\/\/iesparana.republicaweb.net\" target=\"_blank\" rel=\"noreferrer noopener\">https:\/\/iesparana.republicaweb.net<\/a><\/strong><\/p>\n\n\n\n<p>En la pantalla de inscripci\u00f3n, en caso que no se quieran inscribir a una asignatura, dejar el campo de selecci\u00f3n que est\u00e1 al lado de la asignatura como aparece por defecto (opci\u00f3n \u00abseleccionar llamado\u00bb). Solo deben seleccionar primer o segundo llamado (seg\u00fan corresponda) en las unidades que deseen inscribirse.<\/p>\n\n\n\n<div class=\"wp-block-file\"><object class=\"wp-block-file__embed\" data=\"https:\/\/iesparana-ers.infd.edu.ar\/sitio\/wp-content\/uploads\/2025\/02\/MESAS-EVALUADORAS-ORDINARIAS-FEBRERO-MARZO-2025.pdf\" type=\"application\/pdf\" style=\"width:100%;height:600px\" aria-label=\"Incrustado de MESAS-EVALUADORAS-ORDINARIAS-FEBRERO-MARZO-2025.\"><\/object><a id=\"wp-block-file--media-d0d615a5-eac6-47c1-8699-c05075c7819c\" href=\"https:\/\/iesparana-ers.infd.edu.ar\/sitio\/wp-content\/uploads\/2025\/02\/MESAS-EVALUADORAS-ORDINARIAS-FEBRERO-MARZO-2025.pdf\">MESAS-EVALUADORAS-ORDINARIAS-FEBRERO-MARZO-2025<\/a><a href=\"https:\/\/iesparana-ers.infd.edu.ar\/sitio\/wp-content\/uploads\/2025\/02\/MESAS-EVALUADORAS-ORDINARIAS-FEBRERO-MARZO-2025.pdf\" class=\"wp-block-file__button wp-element-button\" download aria-describedby=\"wp-block-file--media-d0d615a5-eac6-47c1-8699-c05075c7819c\">Descarga<\/a><\/div>\n\n\n\n<p><br><br><a rel=\"noreferrer noopener\" href=\"https:\/\/docs.google.com\/spreadsheets\/d\/1nhtipVi78IjhWu1Teiy8BmSp6fJf41A2mTHV6T7VflU\/edit?usp=sharing\" target=\"_blank\">LINK DE BAJAS &#8211; 1\u00b0 LLAMADO (SOLO PARA ESTA INSTANCIA)<\/a><\/p>\n\n\n\n<p><a href=\"https:\/\/docs.google.com\/spreadsheets\/d\/1xA3O4ch2z4UMJAUw0Psj1JNBAAnDta5PLI3g7BQROCs\/edit?usp=sharing\" target=\"_blank\" rel=\"noreferrer noopener\">LINK DE BAJAS &#8211; 2\u00b0 LLAMADO (SOLO PARA ESTA INSTANCIA)<\/a><\/p>\n","protected":false},"excerpt":{"rendered":"<p>Estudiantes, las mesas presentan dos llamados a los cuales deben optar por uno de ellos para cada unidad curricular seg\u00fan lo establecido en el art\u00edculo 41 Resoluci\u00f3n N\u00b0 0249\/24 CGE. Inscripciones para PRIMER llamado: 12 de febrero de 2025 Inscripciones para SEGUNDO llamado: 20 de febrero de 2025 P\u00e1gina de inscripciones: https:\/\/iesparana.republicaweb.net En la pantalla &#8230; <a title=\"MESA EVALUADORA ORDINARIA \u2013 FEBRERO 2025\" class=\"read-more\" href=\"https:\/\/iesparana-ers.infd.edu.ar\/sitio\/mesa-evaluadora-ordinaria-febrero-2025\/\" aria-label=\"More on MESA EVALUADORA ORDINARIA \u2013 FEBRERO 2025\">[+]<\/a><\/p>\n","protected":false},"author":1872,"featured_media":0,"parent":0,"menu_order":0,"comment_status":"closed","ping_status":"closed","template":"","meta":[],"acf":[],"_links":{"self":[{"href":"https:\/\/iesparana-ers.infd.edu.ar\/sitio\/wp-json\/wp\/v2\/pages\/3251"}],"collection":[{"href":"https:\/\/iesparana-ers.infd.edu.ar\/sitio\/wp-json\/wp\/v2\/pages"}],"about":[{"href":"https:\/\/iesparana-ers.infd.edu.ar\/sitio\/wp-json\/wp\/v2\/types\/page"}],"author":[{"embeddable":true,"href":"https:\/\/iesparana-ers.infd.edu.ar\/sitio\/wp-json\/wp\/v2\/users\/1872"}],"replies":[{"embeddable":true,"href":"https:\/\/iesparana-ers.infd.edu.ar\/sitio\/wp-json\/wp\/v2\/comments?post=3251"}],"version-history":[{"count":3,"href":"https:\/\/iesparana-ers.infd.edu.ar\/sitio\/wp-json\/wp\/v2\/pages\/3251\/revisions"}],"predecessor-version":[{"id":3255,"href":"https:\/\/iesparana-ers.infd.edu.ar\/sitio\/wp-json\/wp\/v2\/pages\/3251\/revisions\/3255"}],"wp:attachment":[{"href":"https:\/\/iesparana-ers.infd.edu.ar\/sitio\/wp-json\/wp\/v2\/media?parent=3251"}],"curies":[{"name":"wp","href":"https:\/\/api.w.org\/{rel}","templated":true}]}}