{"id":3340,"date":"2025-11-03T20:43:48","date_gmt":"2025-11-03T23:43:48","guid":{"rendered":"https:\/\/iesparana-ers.infd.edu.ar\/sitio\/?page_id=3340"},"modified":"2025-11-03T22:42:56","modified_gmt":"2025-11-04T01:42:56","slug":"curso-de-guardavidas-2026","status":"publish","type":"page","link":"https:\/\/iesparana-ers.infd.edu.ar\/sitio\/curso-de-guardavidas-2026\/","title":{"rendered":"CURSO DE GUARDAVIDAS | 2026"},"content":{"rendered":"\n<p class=\"has-text-align-center\">Si te apasiona el agua, el deporte y el desaf\u00edo de cuidar vidas, este no es un curso m\u00e1s, <\/p>\n\n\n\n<p class=\"has-text-align-center\">es el comienzo de tu carrera como <strong>Guardavidas Profesional<\/strong>.<\/p>\n\n\n\n<figure class=\"wp-block-image size-full\"><img decoding=\"async\" loading=\"lazy\" width=\"946\" height=\"447\" src=\"https:\/\/iesparana-ers.infd.edu.ar\/sitio\/wp-content\/uploads\/2025\/11\/guardavidas_1-1.jpeg\" alt=\"\" class=\"wp-image-3341\" srcset=\"https:\/\/iesparana-ers.infd.edu.ar\/sitio\/wp-content\/uploads\/2025\/11\/guardavidas_1-1.jpeg 946w, https:\/\/iesparana-ers.infd.edu.ar\/sitio\/wp-content\/uploads\/2025\/11\/guardavidas_1-1-768x363.jpeg 768w\" sizes=\"(max-width: 946px) 100vw, 946px\" \/><\/figure>\n\n\n\n<p>Desde la <strong>Escuela de Formaci\u00f3n Profesional de Guardavidas IESP<\/strong>, te invitamos a formar parte de una experiencia que transforma personas comprometidas en verdaderos profesionales del salvamento.<\/p>\n\n\n\n<p>Durante <strong>9 meses intensivos<\/strong> (marzo a diciembre) vas a entrenarte f\u00edsica y mentalmente para actuar con seguridad en <strong>pileta, r\u00edo o mar<\/strong>, aprendiendo con un equipo docente especializado y en escenarios reales.<\/p>\n\n\n\n<p>&#x1f449;&#x1f3fb; <strong>No se rinde examen de ingreso<\/strong>, pero s\u00ed te pedimos algo m\u00e1s importante: <em>ganas de aprender, responsabilidad y vocaci\u00f3n de servicio.<\/em><br>El curso es <strong>100% presencial<\/strong>, con r\u00e9gimen de inasistencia, <strong>cupo limitado<\/strong> y comienza en <strong>marzo de 2026<\/strong>.<\/p>\n\n\n\n<p>&#x1f4cd; Las clases te\u00f3ricas se dictan en <strong>Corrientes 353 (Esc. Sarmiento)<\/strong><br>&#x1f3ca;&#x200d;&#x2642;&#xfe0f; Las pr\u00e1cticas se desarrollan principalmente en el <strong>Club Talleres<\/strong> de Paran\u00e1, pero tambi\u00e9n en <strong>parques, playas y otros natatorios<\/strong> de la ciudad.<\/p>\n\n\n\n<p>&#x1fa7a; <strong>Requisitos b\u00e1sicos:<\/strong><br>&#x2714;&#xfe0f; Tener o cumplir 18 a\u00f1os durante el a\u00f1o.<br>&#x2714;&#xfe0f; Secundario completo.<br>&#x2714;&#xfe0f; Saber nadar.<br>&#x2714;&#xfe0f; Apto m\u00e9dico con ergometr\u00eda (vigente, m\u00e1ximo 6 meses).<\/p>\n\n\n\n<p>&#x1f4b0; Se abonan 9 cuotas mensuales y una matr\u00edcula inicial.<br>La charla informativa y los valores se informan en febrero, antes del inicio del ciclo.<\/p>\n\n\n\n<p>&#x1f4dc; El t\u00edtulo cuenta con <strong>validez nacional<\/strong>, reconocimiento del <strong>Consejo General de Educaci\u00f3n<\/strong> y habilitaci\u00f3n de la <strong>Municipalidad de Paran\u00e1<\/strong>.<\/p>\n\n\n\n<p><strong><u>PRE-INGRESO E INSCRIPCION<\/u><\/strong><\/p>\n\n\n\n<p>&#x1f4c5; <strong>Preinscripci\u00f3n digital:<\/strong> completando los siguientes datos en esta p\u00e1gina. Es necesario recordar que <strong>la preinscripci\u00f3n<\/strong> es una reserva de vacante, pero <strong><u>no garantiza el cupo<\/u><\/strong>. El proceso finaliza con la presentaci\u00f3n de la documentaci\u00f3n (marzo).<\/p>\n\n\n\n<p>Link de preinscripci\u00f3n: <a href=\"https:\/\/forms.gle\/uhSdtRa4UYwXSJUW8\" data-type=\"URL\" data-id=\"https:\/\/forms.gle\/uhSdtRa4UYwXSJUW8\">https:\/\/forms.gle\/uhSdtRa4UYwXSJUW8<\/a><\/p>\n\n\n\n<p>&#x1f4dd; Luego de completar tus datos personales en el formulario de <strong>preinscripci\u00f3n<\/strong>, te invitamos a sumarte al <strong>grupo de WhatsApp institucional para preinscriptos 2026<\/strong>, mediante este enlace :<\/p>\n\n\n\n<p>&#x1f449;&#x1f3fb; <a href=\"https:\/\/chat.whatsapp.com\/Hf1DYuz8HTT5GqdTV09JGt?mode=wwt\" data-type=\"URL\" data-id=\"https:\/\/chat.whatsapp.com\/Hf1DYuz8HTT5GqdTV09JGt?mode=wwt\">https:\/\/chat.whatsapp.com\/Hf1DYuz8HTT5GqdTV09JGt?mode=wwt<\/a><\/p>\n\n\n\n<p>En ese grupo iremos compartiendo <strong>todas las novedades e informaci\u00f3n importante<\/strong> sobre el proceso de ingreso y el ciclo lectivo 2026.<\/p>\n\n\n\n<p>&#x1f5c2;&#xfe0f; <strong>Inscripci\u00f3n presencial:<\/strong> marzo 2026, con entrega personal de documentaci\u00f3n. Por orden de llegada (fecha a confirmar) y cupo limitado.<\/p>\n\n\n\n<p><strong><u>Documentaci\u00f3n requerida marzo 2026<\/u><\/strong><\/p>\n\n\n\n<ul>\n<li><strong>Documento Nacional de Identidad (DNI):<\/strong>&nbsp;Original y fotocopia de ambas caras.<\/li>\n\n\n\n<li><strong>T\u00edtulo secundario:<\/strong>&nbsp;Original y fotocopia del t\u00edtulo de nivel secundario completo o constancia de t\u00edtulo en tr\u00e1mite.<\/li>\n\n\n\n<li><strong>Fotos 4&#215;4:<\/strong>&nbsp;cuatro fotos 4&#215;4 con cualquier fondo y actualizadas.<\/li>\n\n\n\n<li><strong>Certificado de aptitud f\u00edsica de alto rendimiento y m\u00e9dico:<\/strong>&nbsp; Se solicita espec\u00edficamente que este completa la planilla medica institucional (disponible PARA SU DESCARGA E IMPRESI\u00d3N) y un apto m\u00e9dico para alto rendimiento.<\/li>\n\n\n\n<li><strong>Constancia de CUIL<\/strong>.<\/li>\n\n\n\n<li>Fotocopia de <strong>partida de nacimiento<\/strong>.<\/li>\n\n\n\n<li>Una <strong>Carpeta Legajo<\/strong> color naranja.<\/li>\n<\/ul>\n\n\n\n<p><strong><u>Consultas e informaci\u00f3n:<\/u><\/strong><\/p>\n\n\n\n<ul>\n<li>&#x1f4de; TEL:(343) 4050446 &#8211; Moncy, Giuliano \u2013 Coordinador de la Escuela<\/li>\n\n\n\n<li>&#x1f4f2; Instagram: <strong>@escueladeguardavidasiesp<\/strong><\/li>\n\n\n\n<li>&#x2709;&#xfe0f; <strong>escuelaguardavidasiesp@gmail.com<\/strong><\/li>\n<\/ul>\n\n\n\n<p>&#x1f48c; Compart\u00ed esta info con ese amigo o amiga que siempre so\u00f1\u00f3 con ser guardavidas\u2026<br>Porque cuidar una vida no es solo una profesi\u00f3n: es una forma de vivir. &#x1f4aa;&#x1f3fb;<\/p>\n\n\n\n<p><strong>Escuela de Guardavidas IESP \u2014 Formaci\u00f3n profesional, compromiso real.<\/strong><\/p>\n","protected":false},"excerpt":{"rendered":"<p>Si te apasiona el agua, el deporte y el desaf\u00edo de cuidar vidas, este no es un curso m\u00e1s, es el comienzo de tu carrera como Guardavidas Profesional. Desde la Escuela de Formaci\u00f3n Profesional de Guardavidas IESP, te invitamos a formar parte de una experiencia que transforma personas comprometidas en verdaderos profesionales del salvamento. Durante &#8230; <a title=\"CURSO DE GUARDAVIDAS | 2026\" class=\"read-more\" href=\"https:\/\/iesparana-ers.infd.edu.ar\/sitio\/curso-de-guardavidas-2026\/\" aria-label=\"More on CURSO DE GUARDAVIDAS | 2026\">[+]<\/a><\/p>\n","protected":false},"author":1462,"featured_media":0,"parent":0,"menu_order":0,"comment_status":"closed","ping_status":"closed","template":"","meta":[],"acf":[],"_links":{"self":[{"href":"https:\/\/iesparana-ers.infd.edu.ar\/sitio\/wp-json\/wp\/v2\/pages\/3340"}],"collection":[{"href":"https:\/\/iesparana-ers.infd.edu.ar\/sitio\/wp-json\/wp\/v2\/pages"}],"about":[{"href":"https:\/\/iesparana-ers.infd.edu.ar\/sitio\/wp-json\/wp\/v2\/types\/page"}],"author":[{"embeddable":true,"href":"https:\/\/iesparana-ers.infd.edu.ar\/sitio\/wp-json\/wp\/v2\/users\/1462"}],"replies":[{"embeddable":true,"href":"https:\/\/iesparana-ers.infd.edu.ar\/sitio\/wp-json\/wp\/v2\/comments?post=3340"}],"version-history":[{"count":2,"href":"https:\/\/iesparana-ers.infd.edu.ar\/sitio\/wp-json\/wp\/v2\/pages\/3340\/revisions"}],"predecessor-version":[{"id":3350,"href":"https:\/\/iesparana-ers.infd.edu.ar\/sitio\/wp-json\/wp\/v2\/pages\/3340\/revisions\/3350"}],"wp:attachment":[{"href":"https:\/\/iesparana-ers.infd.edu.ar\/sitio\/wp-json\/wp\/v2\/media?parent=3340"}],"curies":[{"name":"wp","href":"https:\/\/api.w.org\/{rel}","templated":true}]}}