{"id":3357,"date":"2025-04-03T22:22:49","date_gmt":"2025-04-04T01:22:49","guid":{"rendered":"https:\/\/iesparana-ers.infd.edu.ar\/sitio\/?page_id=3357"},"modified":"2025-11-03T22:40:43","modified_gmt":"2025-11-04T01:40:43","slug":"regimen-academico-marco","status":"publish","type":"page","link":"https:\/\/iesparana-ers.infd.edu.ar\/sitio\/regimen-academico-marco\/","title":{"rendered":"R\u00e9gimen Acad\u00e9mico Marco"},"content":{"rendered":"\n<p>El <strong>R\u00e9gimen Acad\u00e9mico Marco (RAM)<\/strong> es un documento que establece las normas y criterios comunes que regulan el funcionamiento acad\u00e9mico de las instituciones de nivel superior dependientes del Consejo General de Educaci\u00f3n.<\/p>\n\n\n\n<p>Compartimos acceso al RAM, <a href=\"https:\/\/agmer.org.ar\/index\/wp-content\/uploads\/2024\/02\/resolucion_0249-24_cge.pdf\" data-type=\"URL\" data-id=\"https:\/\/agmer.org.ar\/index\/wp-content\/uploads\/2024\/02\/resolucion_0249-24_cge.pdf\">resoluci\u00f3n n\u00b0 249\/24 CGE.<\/a><\/p>\n","protected":false},"excerpt":{"rendered":"<p>El R\u00e9gimen Acad\u00e9mico Marco (RAM) es un documento que establece las normas y criterios comunes que regulan el funcionamiento acad\u00e9mico de las instituciones de nivel superior dependientes del Consejo General de Educaci\u00f3n. Compartimos acceso al RAM, resoluci\u00f3n n\u00b0 249\/24 CGE.<\/p>\n","protected":false},"author":1462,"featured_media":0,"parent":0,"menu_order":0,"comment_status":"closed","ping_status":"closed","template":"","meta":[],"acf":[],"_links":{"self":[{"href":"https:\/\/iesparana-ers.infd.edu.ar\/sitio\/wp-json\/wp\/v2\/pages\/3357"}],"collection":[{"href":"https:\/\/iesparana-ers.infd.edu.ar\/sitio\/wp-json\/wp\/v2\/pages"}],"about":[{"href":"https:\/\/iesparana-ers.infd.edu.ar\/sitio\/wp-json\/wp\/v2\/types\/page"}],"author":[{"embeddable":true,"href":"https:\/\/iesparana-ers.infd.edu.ar\/sitio\/wp-json\/wp\/v2\/users\/1462"}],"replies":[{"embeddable":true,"href":"https:\/\/iesparana-ers.infd.edu.ar\/sitio\/wp-json\/wp\/v2\/comments?post=3357"}],"version-history":[{"count":1,"href":"https:\/\/iesparana-ers.infd.edu.ar\/sitio\/wp-json\/wp\/v2\/pages\/3357\/revisions"}],"predecessor-version":[{"id":3358,"href":"https:\/\/iesparana-ers.infd.edu.ar\/sitio\/wp-json\/wp\/v2\/pages\/3357\/revisions\/3358"}],"wp:attachment":[{"href":"https:\/\/iesparana-ers.infd.edu.ar\/sitio\/wp-json\/wp\/v2\/media?parent=3357"}],"curies":[{"name":"wp","href":"https:\/\/api.w.org\/{rel}","templated":true}]}}