{"id":816,"date":"2018-08-30T14:40:13","date_gmt":"2018-08-30T17:40:13","guid":{"rendered":"https:\/\/iesparana-ers.infd.edu.ar\/sitio\/resoluciones-cge\/"},"modified":"2020-08-02T19:30:05","modified_gmt":"2020-08-02T22:30:05","slug":"resoluciones-cge","status":"publish","type":"page","link":"https:\/\/iesparana-ers.infd.edu.ar\/sitio\/resoluciones-cge\/","title":{"rendered":"Resoluciones CGE"},"content":{"rendered":"<h5>Modifica transitoriamente R\u00e9gimen Acad\u00e9mico Marco Nivel Superior -Res. 4967-19 CGE- y 0555-20 CGE.pdf<\/h5>\n<p><a href=\"https:\/\/iesparana-ers.infd.edu.ar\/sitio\/wp-content\/uploads\/2020\/08\/2238-20-CGE-Modifica-transitoriamente-R\u00e9gimen-Acad\u00e9mico-Marco-Nivel-Superior-Res.-4967-19-CGE-y-0555-20-CGE-2.pdf\">2238-20 CGE Modifica transitoriamente R\u00e9gimen Acad\u00e9mico Marco Nivel Superior -Res. 4967-19 CGE- y 0555-20 CGE (2)<\/a><\/p>\n<h5>Circular N\u00b0 5 DES CGE Entre Dios: Modalidad de trabajo virtual en contexto de aislamiento social, preventivo y obligatorio\u00a0<a href=\"https:\/\/iesparana-ers.infd.edu.ar\/sitio\/wp-content\/uploads\/2020\/04\/circ_5_des_y_7_degp.pdf\">circ_5_des_y_7_degp<\/a><\/h5>\n<h5>Resoluci\u00f3n 0674\/2020 CGE; en materia sanitaria en virtud de la pandemia declarada en relaci\u00f3n al coronavirus:\u00a0<a href=\"https:\/\/iesparana-ers.infd.edu.ar\/sitio\/wp-content\/uploads\/2020\/03\/0674-20-cge.pdf\">0674-20 cge<\/a><\/h5>\n<h5><span style=\"color: #ff0000;\"><strong>Nuevo RAM:<\/strong><\/span>\u00a0<a href=\"https:\/\/iesparana-ers.infd.edu.ar\/sitio\/wp-content\/uploads\/2019\/12\/RAM_4967_19_CGE.pdf\">RAM_4967_19_CGE<\/a><\/h5>\n<p>Calendario escolar 2020:\u00a0<a href=\"https:\/\/iesparana-ers.infd.edu.ar\/sitio\/wp-content\/uploads\/2019\/12\/Calendario-2020-CGE.pdf\">Calendario 2020 CGE<\/a><\/p>\n<h5><a href=\"https:\/\/iesparana-ers.infd.edu.ar\/sitio\/wp-content\/uploads\/2019\/11\/Resolucion_188807_Ayudante_de_Catedra.pdf\">Resolucion_188807_Ayudante_de_Catedra de nivel superior<\/a><\/h5>\n<h5><a href=\"https:\/\/iesparana-ers.infd.edu.ar\/sitio\/wp-content\/uploads\/2019\/06\/2555-19-CGE-Aprueba-documento-elaborado-por-la-Comisi\u00f3n-para-la-Erradicaci\u00f3n-del-Trabajo-Infantil-COPRETI.pdf\">2555-19 CGE Aprueba documento elaborado por la Comisi\u00f3n para la Erradicaci\u00f3n del Trabajo Infantil &#8211; COPRETI<\/a><\/h5>\n<h5><a href=\"https:\/\/iesparana-ers.infd.edu.ar\/sitio\/wp-content\/uploads\/2019\/03\/Res-N\u00ba-0996-19-CGE-Lineamientos-para-la-funci\u00f3n-de-Referente-T\u00e9cnico-Institucional-de-los-Institutos-Sup-Form-docente-Pcia-de-Entre-R\u00edos-.pdf\">Res 0996-19 CGE Lineamientos para la funci\u00f3n de Referente T\u00e9cnico Institucional de los Institutos Sup Form docente Pcia de Entre R\u00edos-<\/a><\/h5>\n<h5><a href=\"https:\/\/iesparana-ers.infd.edu.ar\/sitio\/wp-content\/uploads\/2019\/02\/0018-19-CGE-Aprueba-el-Registro-Provincial-de-Evaluadores.pdf\">0018-19 CGE Aprueba el Registro Provincial de Evaluadores<\/a><\/h5>\n<h5><a href=\"https:\/\/iesparana-ers.infd.edu.ar\/sitio\/wp-content\/uploads\/2019\/02\/5482-18-CGE-Aprueba-implementaci\u00f3n-Post\u00edtulo-Actualizaci\u00f3n-Acad\u00e9mica-para-la-Formaci\u00f3n-en-Gesti\u00f3n-Educativa-.pdf\">5482-18 CGE Aprueba implementaci\u00f3n Post\u00edtulo -Actualizaci\u00f3n Acad\u00e9mica, para la Formaci\u00f3n en Gesti\u00f3n Educativa-<\/a><\/h5>\n<h5><a href=\"https:\/\/iesparana-ers.infd.edu.ar\/sitio\/wp-content\/uploads\/2019\/02\/0340-19-CGE-Certifica-Modulos-de-trayectos-de-Especializaciones-Docentes-de-Nivel-Superior.pdf\">0340-19 CGE Certifica Modulos de trayectos de Especializaciones Docentes de Nivel Superior<\/a><\/h5>\n<h5><a href=\"https:\/\/iesparana-ers.infd.edu.ar\/sitio\/wp-content\/uploads\/2018\/11\/Disposici\u00f3n-029_-DES.pdf\">Disposici\u00f3n 029_ DES<\/a><\/h5>\n<h5><a href=\"https:\/\/iesparana-ers.infd.edu.ar\/sitio\/wp-content\/uploads\/2018\/11\/4950-18-CGE-Aprueba-CALENDARIO-ESCOLAR-A\u00d1O-2019.pdf\">4950-18 CGE Aprueba CALENDARIO ESCOLAR A\u00d1O 2019<\/a><\/h5>\n<p><span style=\"color: #000000; font-size: 12pt;\"><strong><a href=\"https:\/\/iesparana-ers.infd.edu.ar\/aula\/archivos\/repositorio\/\/0\/237\/2300-12_CGE_F_I.pdf\" target=\"_NEW\"><strong>2300-12_CGE_F_I.pdf<\/strong><\/a><\/strong><\/span><\/p>\n<p><span style=\"color: #000000; font-size: 12pt;\"><strong><a href=\"https:\/\/iesparana-ers.infd.edu.ar\/aula\/archivos\/repositorio\/\/0\/238\/2300-12_CGE_Reglamento_Concursal_Nivel_Superior.pdf\" target=\"_NEW\"><strong>2300-12_CGE_Reglamento_Concursal_Nivel_Superior.pdf<\/strong><\/a><\/strong><\/span><\/p>\n<p>&nbsp;<\/p>\n<p><span style=\"color: #000000; font-size: 12pt;\"><a href=\"https:\/\/iesparana-ers.infd.edu.ar\/aula\/archivos\/repositorio\/\/0\/215\/Circular_N_3_-_Pautas_de_Reclamos_Cons_Evaluador.doc\" target=\"_NEW\"><strong>Circular_N_3_-_Pautas_de_Reclamos_Cons_Evaluador.doc<\/strong><\/a><\/span><\/p>\n<p>&nbsp;<\/p>\n<p><span style=\"color: #000000; font-size: 12pt;\"><a href=\"https:\/\/iesparana-ers.infd.edu.ar\/aula\/archivos\/repositorio\/\/0\/214\/Circular_N_3_-_Pautas_de_Reclamos_Cons_Eval-en_2da_instancia.doc\" target=\"_NEW\"><strong>Circular_N_3_-_Pautas_de_Reclamos_Cons_Eval-en_2da_instancia.doc<\/strong><\/a><\/span><\/p>\n<p>&nbsp;<\/p>\n<p><span style=\"color: #000000; font-size: 12pt;\"><a href=\"https:\/\/iesparana-ers.infd.edu.ar\/aula\/archivos\/repositorio\/\/0\/213\/Res._111-18_JC-presentacion_y_auteticado_de_carp_de_anteced.pdf\" target=\"_NEW\"><strong>Res._111-18_JC-presentacion_y_auteticado_de_carp_de_anteced.pdf<\/strong><\/a><\/span><\/p>\n<p>&nbsp;<\/p>\n<p><span style=\"color: #000000; font-size: 12pt;\"><a href=\"https:\/\/iesparana-ers.infd.edu.ar\/aula\/archivos\/repositorio\/\/0\/212\/Circular_11_-_16_JC-constancia_de_trabajo_en_nivel_superior.pdf\" target=\"_NEW\"><strong>Circular_11_-_16_JC-constancia_de_trabajo_en_nivel_superior.pdf<\/strong><\/a><\/span><\/p>\n<p>&nbsp;<\/p>\n<p><span style=\"font-size: 12pt;\"><strong><strong><a href=\"https:\/\/iesparana-ers.infd.edu.ar\/aula\/archivos\/repositorio\/\/0\/137\/1527-17_CGE_Autoriza_Desdoblamiento_1_an_o_-PEF-B-C-D.pdf\" target=\"_NEW\"><strong>1527-17_CGE_Autoriza_Desdoblamiento_1_an_o_-PEF-B-C-D.pdf<\/strong><\/a><\/strong><\/strong><\/span><\/p>\n<p>&nbsp;<\/p>\n<p><span style=\"font-size: 12pt;\"><strong><strong><a href=\"https:\/\/iesparana-ers.infd.edu.ar\/aula\/archivos\/repositorio\/\/0\/136\/1528-17_CGE_Autoriza_desdoblamiento_2_PEF-B-C-D.pdf\" target=\"_NEW\"><strong>1528-17_CGE_Autoriza_desdoblamiento_2_PEF-B-C-D.pdf<\/strong><\/a><\/strong><\/strong><\/span><\/p>\n<p>&nbsp;<\/p>\n<p><span style=\"font-size: 12pt;\"><strong><a href=\"https:\/\/iesparana-ers.infd.edu.ar\/aula\/archivos\/repositorio\/\/0\/135\/1067-17_CGE-Autoriza_desdoblamiento_3_an_o_PEF-B-C-D.pdf\" target=\"_NEW\"><strong>1067-17_CGE-Autoriza_desdoblamiento_3_an_o_PEF-B-C-D.pdf<\/strong><\/a><\/strong><\/span><\/p>\n<p>&nbsp;<\/p>\n<p><span style=\"font-size: 12pt;\"><a href=\"https:\/\/iesparana-ers.infd.edu.ar\/aula\/archivos\/repositorio\/\/0\/134\/Res_1565-17_CGE_-2_Parte_-Marco_Orientador_-Investigacion_Educativa.pdf\" target=\"_NEW\"><strong>Res_1565-17_CGE_-2_Parte_-Marco_Orientador_-Investigacion_Educativa.pdf<\/strong><\/a><\/span><\/p>\n<p>&nbsp;<\/p>\n<p><span style=\"font-size: 12pt;\"><strong><a href=\"https:\/\/iesparana-ers.infd.edu.ar\/aula\/archivos\/repositorio\/\/0\/109\/0979-17_CGE_Aprueba_Disen_o_Curricular_Profesorado_de_Educacion_Fisica.pdf\" target=\"_NEW\"><strong>0979-17_CGE_Aprueba_Dise\u00f1o_Curricular_Profesorado_de_Educacion_Fisica.pdf<\/strong><\/a><\/strong><\/span><\/p>\n<p><span style=\"font-size: 12pt;\">\u00a0<\/span><\/p>\n<p><span style=\"font-size: 12pt;\"><a href=\"https:\/\/iesparana-ers.infd.edu.ar\/aula\/archivos\/repositorio\/\/0\/95\/Resol_836_Jurado_de_C..pdf\" target=\"_NEW\"><strong>Resol_836_Jurado_de_C..pdf<\/strong><\/a><\/span><\/p>\n<p><span style=\"font-size: 12pt;\"><a href=\"https:\/\/iesparana-ers.infd.edu.ar\/aula\/archivos\/repositorio\/\/0\/130\/2300-12_CGE_Reglamento_Concursal_Nivel_Superior_2.pdf\" target=\"_NEW\"><strong>2300-12_CGE_Reglamento_Concursal_Nivel_Superior_2.pdf<\/strong><\/a>\u00a0<\/span><\/p>\n<p>&nbsp;<\/p>\n<p><span style=\"font-size: 12pt;\"><a href=\"https:\/\/iesparana-ers.infd.edu.ar\/aula\/archivos\/repositorio\/\/0\/94\/0778-17_CGE_Vigencia_de_Ordenes_de_Prelacion_para_Suplencias_en_los_Cargos_de_Ascenso.pdf\" target=\"_NEW\"><strong>0778-17_CGE_Vigencia_de_Ordenes_de_Prelacion_para_Suplencias_en_los_Cargos_de_Ascenso.pdf<\/strong><\/a>\u00a0<\/span><\/p>\n<p><span style=\"font-size: 12pt;\">\u00a0<\/span><\/p>\n<p><span style=\"font-size: 12pt;\"><a href=\"https:\/\/iesparana-ers.infd.edu.ar\/aula\/archivos\/repositorio\/\/0\/78\/4120-13_CGE_Disposiciones_para_el_reconocimiento_de_acciones_de_Formacion_Docente_Continua-Dejar_sin_efecto_Res._0461-07_CGE_2204-06_y_2205-06_CGE.pdf\" target=\"_NEW\"><strong>4120-13_CGE_Disposiciones_para_el_reconocimiento_de_acciones_de_Formacion_Docente_Continua-Dejar_sin_efecto_Res._0461-07_CGE_2204-06_y_2205-06_CGE.pdf<\/strong><\/a><\/span><\/p>\n<p><span style=\"font-size: 12pt;\">\u00a0<\/span><\/p>\n<p><strong><span style=\"font-family: verdana, geneva; font-size: 10pt;\"><strong><strong><strong><strong><strong><strong><strong><strong><strong><strong><strong><a href=\"https:\/\/iesparana-ers.infd.edu.ar\/aula\/archivos\/repositorio\/\/0\/88\/res_5645-04_CGE_ORGANIZACION-INSTITUCIONAL_Edificio_Escolar_Compartido.pdf\" target=\"_NEW\"><strong>res_5645-04_CGE_ORGANIZACION-INSTITUCIONAL_Edificio_Escolar_Compartido.pdf<\/strong><\/a><\/strong><\/strong><\/strong><\/strong><\/strong><\/strong><\/strong><\/strong><\/strong><\/strong><\/strong><\/span><\/strong><\/p>\n<p>&nbsp;<\/p>\n<p><strong><span style=\"font-family: verdana, geneva; font-size: 10pt;\"><strong><strong><strong><strong><strong><strong><strong><strong><strong><strong><a href=\"https:\/\/iesparana-ers.infd.edu.ar\/aula\/archivos\/repositorio\/\/0\/87\/Res_3442-08-Normativa_de_las_Asociaciones_Cooperadoras_Escolares.pdf\" target=\"_NEW\"><strong>Res_3442-08-Normativa_de_las_Asociaciones_Cooperadoras_Escolares.pdf<\/strong><\/a><\/strong><\/strong><\/strong><\/strong><\/strong><\/strong><\/strong><\/strong><\/strong><\/strong><\/span><\/strong><\/p>\n<p>&nbsp;<\/p>\n<p><strong><span style=\"font-family: verdana, geneva; font-size: 10pt;\"><strong><strong><strong><strong><strong><strong><strong><strong><strong><a href=\"https:\/\/iesparana-ers.infd.edu.ar\/aula\/archivos\/repositorio\/\/0\/86\/res_3424-05-FUNCIONES_secretario-sec_academico-preceptor-bibliotecario.pdf\" target=\"_NEW\"><strong>res_3424-05-FUNCIONES_secretario-sec_academico-preceptor-bibliotecario.pdf<\/strong><\/a><\/strong><\/strong><\/strong><\/strong><\/strong><\/strong><\/strong><\/strong><\/strong><\/span><\/strong><\/p>\n<p>&nbsp;<\/p>\n<p><strong><span style=\"font-family: verdana, geneva; font-size: 10pt;\"><strong><strong><strong><strong><strong><strong><strong><strong><a href=\"https:\/\/iesparana-ers.infd.edu.ar\/aula\/archivos\/repositorio\/\/0\/85\/Res_2550-13_CGE_Reglamentacion_cambio_de_funciones_personal_docente.pdf\" target=\"_NEW\"><strong>Res_2550-13_CGE_Reglamentacion_cambio_de_funciones_personal_docente.pdf<\/strong><\/a><\/strong><\/strong><\/strong><\/strong><\/strong><\/strong><\/strong><\/strong><\/span><\/strong><\/p>\n<p>&nbsp;<\/p>\n<p><strong><span style=\"font-family: verdana, geneva; font-size: 10pt;\"><strong><strong><strong><strong><strong><strong><strong><a href=\"https:\/\/iesparana-ers.infd.edu.ar\/aula\/archivos\/repositorio\/\/0\/84\/res_2450_06-incompatibilidades_permitidas.pdf\" target=\"_NEW\"><strong>res_2450_06-incompatibilidades_permitidas.pdf<\/strong><\/a><\/strong><\/strong><\/strong><\/strong><\/strong><\/strong><\/strong><\/span><\/strong><\/p>\n<p>&nbsp;<\/p>\n<p><strong><span style=\"font-family: verdana, geneva; font-size: 10pt;\"><strong><strong><strong><strong><strong><strong><a href=\"https:\/\/iesparana-ers.infd.edu.ar\/aula\/archivos\/repositorio\/\/0\/83\/res_2274-11-potestad_disciplinaria.pdf\" target=\"_NEW\"><strong>res_2274-11-potestad_disciplinaria.pdf<\/strong><\/a><\/strong><\/strong><\/strong><\/strong><\/strong><\/strong><\/span><\/strong><\/p>\n<p>&nbsp;<\/p>\n<p><strong><span style=\"font-family: verdana, geneva; font-size: 10pt;\"><strong><strong><strong><strong><strong><a href=\"https:\/\/iesparana-ers.infd.edu.ar\/aula\/archivos\/repositorio\/\/0\/82\/Ley_N_7060-83_presentacion_de_tramites_administrativos.pdf\" target=\"_NEW\"><strong>Ley_N_7060-83_presentacion_de_tramites_administrativos.pdf<\/strong><\/a><\/strong><\/strong><\/strong><\/strong><\/strong><\/span><\/strong><\/p>\n<p>&nbsp;<\/p>\n<p><strong><span style=\"font-family: verdana, geneva; font-size: 10pt;\"><strong><strong><strong><strong><strong><a href=\"https:\/\/iesparana-ers.infd.edu.ar\/aula\/archivos\/repositorio\/\/0\/81\/Disposicion_N_7-16-concurso_Coordinacion_de_Carrera_y_de_Practicas_Profesionalizantes.pdf\" target=\"_NEW\"><strong>Disposicion_N_7-16-concurso_Coordinacion_de_Carrera_y_de_Practicas_Profesionalizantes.pdf<\/strong><\/a><\/strong><\/strong><\/strong><\/strong><\/strong><\/span><\/strong><\/p>\n<p>&nbsp;<\/p>\n<p><strong><span style=\"font-family: verdana, geneva; font-size: 10pt;\"><strong><strong><strong><strong><a href=\"https:\/\/iesparana-ers.infd.edu.ar\/aula\/archivos\/repositorio\/\/0\/80\/Decreto_5703-93_Licencias_e_inasistencia_personal_de_servicios_generales.pdf\" target=\"_NEW\"><strong>Decreto_5703-93_Licencias_e_inasistencia_personal_de_servicios_generales.pdf<\/strong><\/a><\/strong><\/strong><\/strong><\/strong><\/span><\/strong><\/p>\n<p>&nbsp;<\/p>\n<p><strong><span style=\"font-family: verdana, geneva; font-size: 10pt;\"><strong><strong><strong><strong><a href=\"https:\/\/iesparana-ers.infd.edu.ar\/aula\/archivos\/repositorio\/\/0\/89\/Dcto_5923-00-reg_unificado_licencias_e_inasistencias.pdf\" target=\"_NEW\"><strong>Dcto_5923-00-reg_unificado_licencias_e_inasistencias.pdf<\/strong><\/a><\/strong><\/strong><\/strong><\/strong><\/span><\/strong><\/p>\n<p>&nbsp;<\/p>\n<p><strong><span style=\"font-family: verdana, geneva; font-size: 10pt;\"><strong><strong><strong><a href=\"https:\/\/iesparana-ers.infd.edu.ar\/aula\/archivos\/repositorio\/\/0\/79\/circular_1_15-DES-CONTINUIDAD_Y_REINGRESO-DOCENTES_JUBILADOS.pdf\" target=\"_NEW\"><strong>circular_1_15-DES-CONTINUIDAD_Y_REINGRESO-DOCENTES_JUBILADOS.pdf<\/strong><\/a><\/strong><\/strong><\/strong><\/span><\/strong><\/p>\n<p>&nbsp;<\/p>\n<p><strong><span style=\"font-family: verdana, geneva; font-size: 10pt;\"><strong><strong><a href=\"https:\/\/iesparana-ers.infd.edu.ar\/aula\/archivos\/repositorio\/\/0\/77\/3266-11-CGE-Reglamento-de-practicas-en-el-marco-de-las-vinculaciones-del-Sistema-Formador-con-las-Escuelas-e-Instituciones-.pdf\" target=\"_NEW\"><strong>3266-11-CGE-Reglamento-de-practicas-en-el-marco-de-las-vinculaciones-del-Sistema-Formador-con-las-Escuelas-e-Instituciones-.pdf<\/strong><\/a><\/strong><\/strong><\/span><\/strong><\/p>\n<p>&nbsp;<\/p>\n<p><strong><span style=\"font-family: verdana, geneva; font-size: 10pt;\"><strong><a href=\"https:\/\/iesparana-ers.infd.edu.ar\/aula\/archivos\/repositorio\/\/0\/76\/1616-11-CGE_normas_para_los_postitulos.pdf\" target=\"_NEW\"><strong>1616-11-CGE_normas_para_los_postitulos.pdf<\/strong><\/a><\/strong><\/span><\/strong><\/p>\n<p>&nbsp;<\/p>\n<p><strong><span style=\"font-family: verdana, geneva; font-size: 10pt;\"><a href=\"https:\/\/iesparana-ers.infd.edu.ar\/aula\/archivos\/repositorio\/\/0\/75\/01-16_DES-coordinacion_de_carrera_y_coordinacion_de_practicas_profesionalizantes-carreras_tecnicas.pdf\" target=\"_NEW\"><strong>01-16_DES-coordinacion_de_carrera_y_coordinacion_de_practicas_profesionalizantes-carreras_tecnicas.pdf<\/strong><\/a><\/span><\/strong><\/p>\n<p><strong><span style=\"font-family: verdana, geneva; font-size: 10pt;\">Calendario 2017<\/span><\/strong><\/p>\n<p><a href=\"https:\/\/iesparana-ers.infd.edu.ar\/aula\/archivos\/repositorio\/\/0\/71\/disposicion_010_-_calendario_N_Superior.pdf\" target=\"_NEW\"><strong>disposicion_010_-_calendario_N_Superior.pdf<\/strong><\/a><\/p>\n<p><span style=\"font-size: 10pt; font-family: verdana, geneva;\"><strong>RAM<\/strong><\/span><\/p>\n<p><a href=\"https:\/\/iesparana-ers.infd.edu.ar\/aula\/archivos\/repositorio\/\/0\/40\/0655-15_CGE_RAM.pdf\" target=\"_NEW\"><strong>0655-15_CGE_RAM.pdf<\/strong><\/a><\/p>\n<p><span style=\"font-family: verdana, geneva;\"><strong><span style=\"font-size: 10pt;\">Modificaciones RAM<\/span><\/strong><\/span><\/p>\n<p><a href=\"https:\/\/iesparana-ers.infd.edu.ar\/aula\/archivos\/repositorio\/\/0\/41\/4425-15_CGE_Modificaciones_Regimen_Academico_Marco_Institutos_de_Educ._Superior_1.pdf\" target=\"_NEW\"><strong>4425-15_CGE_Modif_Regimen_Academico_Marco_Institutos_de_Educ._Superior_1.pdf<\/strong><\/a><\/p>\n<p><span style=\"font-family: verdana, geneva;\"><strong><span style=\"font-size: 10pt;\">Ley Provincial de Educacion<\/span><\/strong><\/span><\/p>\n<p><strong><a href=\"https:\/\/iesparana-ers.infd.edu.ar\/aula\/archivos\/repositorio\/\/0\/42\/Ley_9890-08-Ley_Provincial_de_Educacion.pdf\" target=\"_NEW\"><strong>Ley_9890-08-Ley_Provincial_de_Educacion.pdf<\/strong><\/a><\/strong><\/p>\n<p><strong style=\"font-family: verdana, geneva;\"><span style=\"font-size: 10pt;\">Ley de Educacion Nacional<\/span><\/strong><\/p>\n<p><strong><strong><a href=\"https:\/\/iesparana-ers.infd.edu.ar\/aula\/archivos\/repositorio\/\/0\/43\/Ley_26206-06-LEN.pdf\" target=\"_NEW\"><strong>Ley_26206-06-LEN.pdf<\/strong><\/a><\/strong><\/strong><\/p>\n<p><strong style=\"font-family: verdana, geneva;\"><span style=\"font-size: 10pt;\">ROM<\/span><\/strong><\/p>\n<p><strong><a href=\"https:\/\/iesparana-ers.infd.edu.ar\/aula\/archivos\/repositorio\/\/0\/45\/RES_2842-Reglamento_Organico_Marco.pdf\" target=\"_NEW\"><strong>RES_2842-Reglamento_Organico_Marco.pdf<\/strong><\/a><\/strong><\/p>\n<p><strong style=\"font-family: verdana, geneva;\"><span style=\"font-size: 10pt;\">Ayudantes de Catedra<\/span><\/strong><\/p>\n<p><strong><a href=\"https:\/\/iesparana-ers.infd.edu.ar\/aula\/archivos\/repositorio\/\/0\/44\/Res_1888-07_CGE-Ayudante_de_catedra.pdf\" target=\"_NEW\">Res_1888-07_CGE-Ayudante_de_catedra.pdf<\/a><\/strong><\/p>\n","protected":false},"excerpt":{"rendered":"<p>Modifica transitoriamente R\u00e9gimen Acad\u00e9mico Marco Nivel Superior -Res. 4967-19 CGE- y 0555-20 CGE.pdf 2238-20 CGE Modifica transitoriamente R\u00e9gimen Acad\u00e9mico Marco Nivel Superior -Res. 4967-19 CGE- y 0555-20 CGE (2) Circular N\u00b0 5 DES CGE Entre Dios: Modalidad de trabajo virtual en contexto de aislamiento social, preventivo y obligatorio\u00a0circ_5_des_y_7_degp Resoluci\u00f3n 0674\/2020 CGE; en materia sanitaria en &#8230; <a title=\"Resoluciones CGE\" class=\"read-more\" href=\"https:\/\/iesparana-ers.infd.edu.ar\/sitio\/resoluciones-cge\/\" aria-label=\"More on Resoluciones CGE\">[+]<\/a><\/p>\n","protected":false},"author":328,"featured_media":0,"parent":0,"menu_order":0,"comment_status":"closed","ping_status":"closed","template":"","meta":[],"acf":[],"_links":{"self":[{"href":"https:\/\/iesparana-ers.infd.edu.ar\/sitio\/wp-json\/wp\/v2\/pages\/816"}],"collection":[{"href":"https:\/\/iesparana-ers.infd.edu.ar\/sitio\/wp-json\/wp\/v2\/pages"}],"about":[{"href":"https:\/\/iesparana-ers.infd.edu.ar\/sitio\/wp-json\/wp\/v2\/types\/page"}],"author":[{"embeddable":true,"href":"https:\/\/iesparana-ers.infd.edu.ar\/sitio\/wp-json\/wp\/v2\/users\/328"}],"replies":[{"embeddable":true,"href":"https:\/\/iesparana-ers.infd.edu.ar\/sitio\/wp-json\/wp\/v2\/comments?post=816"}],"version-history":[{"count":16,"href":"https:\/\/iesparana-ers.infd.edu.ar\/sitio\/wp-json\/wp\/v2\/pages\/816\/revisions"}],"predecessor-version":[{"id":983,"href":"https:\/\/iesparana-ers.infd.edu.ar\/sitio\/wp-json\/wp\/v2\/pages\/816\/revisions\/983"}],"wp:attachment":[{"href":"https:\/\/iesparana-ers.infd.edu.ar\/sitio\/wp-json\/wp\/v2\/media?parent=816"}],"curies":[{"name":"wp","href":"https:\/\/api.w.org\/{rel}","templated":true}]}}