{"id":823,"date":"2018-08-30T14:40:16","date_gmt":"2018-08-30T17:40:16","guid":{"rendered":"https:\/\/iesparana-ers.infd.edu.ar\/sitio\/plan-de-estudios-4\/"},"modified":"2019-02-20T11:00:07","modified_gmt":"2019-02-20T14:00:07","slug":"plan-de-estudios-4","status":"publish","type":"page","link":"https:\/\/iesparana-ers.infd.edu.ar\/sitio\/plan-de-estudios-4\/","title":{"rendered":"Plan de Estudios"},"content":{"rendered":"<p style=\"text-align: justify;\"><strong>La Resoluci\u00f3n N\u00b0 0903\/15 CGE:\u00a0Aprobar el dise\u00f1o curricular de la carrera \u201cTecnicatura Superior en Econom\u00eda Social y Desarrollo Local\u201d a implementarse a partir del A\u00f1o Acad\u00e9mico 2015.\u00a0 \u00a0<\/strong><\/p>\n<p style=\"text-align: justify;\"><strong><a href=\"https:\/\/iesparana-ers.infd.edu.ar\/sitio\/wp-content\/uploads\/2019\/02\/0903-15_CGE_Aprueba_Dise\u00f1o_Curricular_Tecnicatura_Sup._en_Econom\u00eda_Social_y_Desarrollo_Local.pdf\">REs. 0903-15_CGE<\/a> \u00a0 \u00a0 \u00a0<\/strong><\/p>\n<p style=\"text-align: justify;\">\u00a0 \u00a0 El Plan de estudios est\u00e1 sujeto a modificaciones en funci\u00f3n a que se est\u00e1n realizando las \u00faltimas convocatorias de la mesa intersectorial que se conform\u00f3 para dise\u00f1ar el mismo. En esta mesa participan: miembros de la instituci\u00f3n educativa, representantes del INTA, C\u00e1tedra de Sociolog\u00eda y extensi\u00f3n de la facultad de Ciencias Agropecuarias UNER, Programa Social Agropecuario, Secretar\u00eda de la Producci\u00f3n, Ministerio de Trabajo, Ministerio de Desarrollo Social de la Naci\u00f3n, Ministerio de Salud y Acci\u00f3n Social, Direcci\u00f3n de Econom\u00eda Social, Direcci\u00f3n de Educaci\u00f3n Superior, Direcci\u00f3n de Promoci\u00f3n Industrial y Pymes, Miniestrio de Educaci\u00f3n Ciencia y tecnolog\u00eda de la Naci\u00f3n, Direcci\u00f3n General de Ciencia y T\u00e9cnica, Subsecretar\u00eda de Desarrollo y Planeamiento estrat\u00e9gico, Municipalidad de Nogoy\u00e1, CARITAS, Direcci\u00f3n de Educaci\u00f3n Polimodal.<\/p>\n<p>El Plan de estudios se estructura en \u00c1reas de Espacios Curriculares y en Ciclos de Cursado.<\/p>\n<p><strong>\u00c1rea de formaci\u00f3n de base:\u00a0<\/strong><br \/>\nEstructura social y econ\u00f3mica latinoamericana y regional<br \/>\nEstado y sociedad<br \/>\nEconom\u00eda y sociedad (Introducci\u00f3n a al econom\u00eda)<br \/>\nCultura y sociedad<br \/>\nTrabajo y sociedad<br \/>\nConstituci\u00f3n del sujeto<br \/>\nTaller de TICs<\/p>\n<p style=\"text-align: justify;\"><strong>\u00c1rea metodolog\u00eda de la Investigaci\u00f3n Social Aplicada a la ES y el DL<\/strong><br \/>\nSeminario de metodolog\u00eda de Investigaci\u00f3n social<br \/>\nTaller de Investigaci\u00f3n Social Aplicada a la ES y el DL<\/p>\n<p style=\"text-align: justify;\"><strong>\u00c1rea de Econom\u00eda Social<\/strong><br \/>\nIntroducci\u00f3n a la Econom\u00eda Social<br \/>\nM\u00f3dulo: Econom\u00eda Social<br \/>\nSeminario de An\u00e1lisis y Gesti\u00f3n de procesos productivos<br \/>\nSeminario de Sistemas de intercambio<br \/>\nSeminario de pol\u00edticas y mecanismos de financiamiento de la ES y el DL<\/p>\n<p style=\"text-align: justify;\"><strong>\u00c1rea de Desarrollo Local<\/strong><br \/>\nIntroducci\u00f3n al desarrollo Local<br \/>\nM\u00f3dulo: Desarrollo Local<\/p>\n<p style=\"text-align: justify;\"><strong>\u00c1rea de Formaci\u00f3n Complementaria<\/strong><br \/>\nTaller de Pedagog\u00eda Social<br \/>\nSeminario de Administraci\u00f3n y legislaci\u00f3n en ES y DL<br \/>\nTaller de Mediaci\u00f3n y negociaci\u00f3n comunitaria<br \/>\nTaller de Comunicaci\u00f3n y Creatividad<\/p>\n<p style=\"text-align: justify;\"><strong>\u00c1rea integradora<\/strong><br \/>\nPr\u00e1ctica profesionalizante I<br \/>\nPractica Profesionalizante II<br \/>\nPr\u00e1ctica Profesionalizante III<br \/>\n<a title=\"\" href=\"http:\/\/www.blogger.com\/post-create.g?blogID=7336380410626399991#_ftnref1\" name=\"_ftn1\">[1]<\/a>\u00a0Se prev\u00e9 que en el ciclo lectivo 2007 los alumnos puedan optar por dos modalidades de cursado regular de la tecnicatura: a) plan lineal, b) plan implementado bajo la modalidad del sistema de alternancias.<\/p>\n","protected":false},"excerpt":{"rendered":"<p>La Resoluci\u00f3n N\u00b0 0903\/15 CGE:\u00a0Aprobar el dise\u00f1o curricular de la carrera \u201cTecnicatura Superior en Econom\u00eda Social y Desarrollo Local\u201d a implementarse a partir del A\u00f1o Acad\u00e9mico 2015.\u00a0 \u00a0 REs. 0903-15_CGE \u00a0 \u00a0 \u00a0 \u00a0 \u00a0 El Plan de estudios est\u00e1 sujeto a modificaciones en funci\u00f3n a que se est\u00e1n realizando las \u00faltimas convocatorias de la &#8230; <a title=\"Plan de Estudios\" class=\"read-more\" href=\"https:\/\/iesparana-ers.infd.edu.ar\/sitio\/plan-de-estudios-4\/\" aria-label=\"More on Plan de Estudios\">[+]<\/a><\/p>\n","protected":false},"author":328,"featured_media":0,"parent":0,"menu_order":0,"comment_status":"closed","ping_status":"closed","template":"","meta":[],"acf":[],"_links":{"self":[{"href":"https:\/\/iesparana-ers.infd.edu.ar\/sitio\/wp-json\/wp\/v2\/pages\/823"}],"collection":[{"href":"https:\/\/iesparana-ers.infd.edu.ar\/sitio\/wp-json\/wp\/v2\/pages"}],"about":[{"href":"https:\/\/iesparana-ers.infd.edu.ar\/sitio\/wp-json\/wp\/v2\/types\/page"}],"author":[{"embeddable":true,"href":"https:\/\/iesparana-ers.infd.edu.ar\/sitio\/wp-json\/wp\/v2\/users\/328"}],"replies":[{"embeddable":true,"href":"https:\/\/iesparana-ers.infd.edu.ar\/sitio\/wp-json\/wp\/v2\/comments?post=823"}],"version-history":[{"count":2,"href":"https:\/\/iesparana-ers.infd.edu.ar\/sitio\/wp-json\/wp\/v2\/pages\/823\/revisions"}],"predecessor-version":[{"id":1043,"href":"https:\/\/iesparana-ers.infd.edu.ar\/sitio\/wp-json\/wp\/v2\/pages\/823\/revisions\/1043"}],"wp:attachment":[{"href":"https:\/\/iesparana-ers.infd.edu.ar\/sitio\/wp-json\/wp\/v2\/media?parent=823"}],"curies":[{"name":"wp","href":"https:\/\/api.w.org\/{rel}","templated":true}]}}